000
CDUS42 KRAH 030735
CLIGSO


CLIMATE REPORT
NATIONAL WEATHER SERVICE RALEIGH NC
332 AM EDT SUN MAY 3 2015


...................................

...THE PIEDMONT TRIAD INTL AIRPORT NC CLIMATE SUMMARY FOR MAY 2 2015...

CLIMATE NORMAL PERIOD 1981 TO 2010
CLIMATE RECORD PERIOD 1903 TO 2015


WEATHER ITEM   OBSERVED TIME   RECORD YEAR NORMAL DEPARTURE LAST
                VALUE   (LST)  VALUE       VALUE  FROM      YEAR
                                                  NORMAL
..................................................................
TEMPERATURE (F)
 YESTERDAY
  MAXIMUM         73    338 PM  91    1926  74     -1       69
                                      1910
  MINIMUM         45    355 AM  32    1963  52     -7       49
  AVERAGE         59                        63     -4       59

PRECIPITATION (IN)
  YESTERDAY        0.00          1.27 1939   0.10  -0.10     0.00
  MONTH TO DATE    1.16                      0.20   0.96     0.00
  SINCE MAR 1      6.38                      7.50  -1.12     8.66
  SINCE JAN 1     11.06                     13.52  -2.46    14.88

DEGREE DAYS
 HEATING
  YESTERDAY        6                         4      2        6
  MONTH TO DATE   14                         8      6        6
  SINCE MAR 1    604                       699    -95      816
  SINCE JUL 1   3689                      3554    135     3793

 COOLING
  YESTERDAY        0                         2     -2        0
  MONTH TO DATE    0                         4     -4        3
  SINCE MAR 1     37                        42     -5       23
  SINCE JAN 1     37                        42     -5       23
..................................................................


WIND (MPH)
  HIGHEST WIND SPEED    15   HIGHEST WIND DIRECTION    NW (330)
  HIGHEST GUST SPEED    20   HIGHEST GUST DIRECTION    NW (330)
  AVERAGE WIND SPEED     4.1


SKY COVER
  POSSIBLE SUNSHINE  MM
  AVERAGE SKY COVER 0.4


WEATHER CONDITIONS
 THE FOLLOWING WEATHER WAS RECORDED YESTERDAY.
  NO SIGNIFICANT WEATHER WAS OBSERVED.


RELATIVE HUMIDITY (PERCENT)
 HIGHEST   100           400 AM
 LOWEST     29           300 PM
 AVERAGE    65

..........................................................


THE PIEDMONT TRIAD INTL AIRPORT NC CLIMATE NORMALS FOR TODAY
                         NORMAL    RECORD    YEAR
 MAXIMUM TEMPERATURE (F)   75        92      1959
                                             1910
 MINIMUM TEMPERATURE (F)   52        35      1981


SUNRISE AND SUNSET
MAY  3 2015...........SUNRISE   625 AM EDT   SUNSET   809 PM EDT
MAY  4 2015...........SUNRISE   624 AM EDT   SUNSET   809 PM EDT


-  INDICATES NEGATIVE NUMBERS.
R  INDICATES RECORD WAS SET OR TIED.
MM INDICATES DATA IS MISSING.
T  INDICATES TRACE AMOUNT.




$$
