000
CDUS42 KGSP 280637 RRA
CLIGSP

CLIMATE REPORT
NATIONAL WEATHER SERVICE GREENVILLE-SPARTANBURG SC
236 AM EDT TUE APR 28 2015


...................................

...THE GREENVILLE-SPARTANBURG SC CLIMATE SUMMARY FOR APRIL 27 2015...

CLIMATE NORMAL PERIOD 1981 TO 2010
CLIMATE RECORD PERIOD 1884 TO 2015


WEATHER ITEM   OBSERVED TIME   RECORD YEAR NORMAL DEPARTURE LAST
                VALUE   (LST)  VALUE       VALUE  FROM      YEAR
                                                  NORMAL
..................................................................
TEMPERATURE (F)
 YESTERDAY
  MAXIMUM         72    403 PM  93    1986  76     -4       84
  MINIMUM         49    543 AM  34    1993  51     -2       52
  AVERAGE         61                        64     -3       68

PRECIPITATION (IN)
  YESTERDAY        0.00          1.40 1991   0.11  -0.11     0.00
  MONTH TO DATE    6.14                      3.03   3.11     4.87
  SINCE MAR 1      8.23                      7.55   0.68     8.96
  SINCE JAN 1     15.55                     15.34   0.21    15.20

SNOWFALL (IN)
  YESTERDAY        0.0           0.0    MM   0.0    0.0      0.0
  MONTH TO DATE    0.0                       0.0    0.0      0.0
  SINCE MAR 1      0.0                       0.9   -0.9       T
  SINCE JUL 1      3.7                       4.7   -1.0      7.2
  SNOW DEPTH       0

DEGREE DAYS
 HEATING
  YESTERDAY        4                         4      0        0
  MONTH TO DATE   78                       164    -86      136
  SINCE MAR 1    382                       548   -166      613
  SINCE JUL 1   2996                      2997     -1     3172

 COOLING
  YESTERDAY        0                         2     -2        3
  MONTH TO DATE   50                        35     15       30
  SINCE MAR 1     56                        43     13       30
  SINCE JAN 1     56                        43     13       30
..................................................................


WIND (MPH)
  HIGHEST WIND SPEED    14   HIGHEST WIND DIRECTION     N (360)
  HIGHEST GUST SPEED    19   HIGHEST GUST DIRECTION     N (360)
  AVERAGE WIND SPEED     4.6


SKY COVER
  POSSIBLE SUNSHINE  MM
  AVERAGE SKY COVER 0.2


WEATHER CONDITIONS
 THE FOLLOWING WEATHER WAS RECORDED YESTERDAY.
  NO SIGNIFICANT WEATHER WAS OBSERVED.


RELATIVE HUMIDITY (PERCENT)
 HIGHEST   100           200 AM
 LOWEST     27           300 PM
 AVERAGE    64

..........................................................


THE GREENVILLE-SPARTANBURG SC CLIMATE NORMALS FOR TODAY
                         NORMAL    RECORD    YEAR
 MAXIMUM TEMPERATURE (F)   76        90      1943
                                             1915
                                             1914
 MINIMUM TEMPERATURE (F)   52        36      1898


SUNRISE AND SUNSET
APRIL 28 2015.........SUNRISE   642 AM EDT   SUNSET   812 PM EDT
APRIL 29 2015.........SUNRISE   641 AM EDT   SUNSET   812 PM EDT


-  INDICATES NEGATIVE NUMBERS.
R  INDICATES RECORD WAS SET OR TIED.
MM INDICATES DATA IS MISSING.
T  INDICATES TRACE AMOUNT.




$$
