000
CDUS45 KTFX 050845
CLIGTF


CLIMATE REPORT
NATIONAL WEATHER SERVICE GREAT FALLS MT
244 AM MDT TUE MAY 5 2015


...................................

...THE GREAT FALLS MT CLIMATE SUMMARY FOR MAY 4 2015...

CLIMATE NORMAL PERIOD 1981 TO 2010
CLIMATE RECORD PERIOD 1886 TO 2015


WEATHER ITEM   OBSERVED TIME   RECORD YEAR NORMAL DEPARTURE LAST
                VALUE   (LST)  VALUE       VALUE  FROM      YEAR
                                                  NORMAL
..................................................................
TEMPERATURE (F)
 YESTERDAY
  MAXIMUM         76    456 PM  87    1936  62     14       58
                                      1897
  MINIMUM         33    518 AM  23    1996  35     -2       38
  AVERAGE         55                        48      7       48

PRECIPITATION (IN)
  YESTERDAY        0.00          0.90 1917   0.05  -0.05     0.20
  MONTH TO DATE    0.00                      0.21  -0.21     0.26
  SINCE OCT 1      5.33                      5.52  -0.19     7.80
  SINCE JAN 1      2.38                      3.52  -1.14     5.75

SNOWFALL (IN)
  YESTERDAY        0.0           7.5  1913   0.2   -0.2      0.0
  MONTH TO DATE    0.0                       0.6   -0.6       T
  SINCE MAR 1      1.6                      21.1  -19.5     15.2
  SINCE JUL 1     57.9                      61.1   -3.2     72.7
  SNOW DEPTH       0

DEGREE DAYS
 HEATING
  YESTERDAY       10                        17     -7       17
  MONTH TO DATE   43                        69    -26       67
  SINCE MAR 1   1316                      1681   -365     1797
  SINCE JUL 1   6454                      7186   -732     7451

 COOLING
  YESTERDAY        0                         0      0        0
  MONTH TO DATE    0                         0      0        0
  SINCE MAR 1      0                         1     -1        0
  SINCE JAN 1      0                         1     -1        0
..................................................................


WIND (MPH)
  HIGHEST WIND SPEED    21   HIGHEST WIND DIRECTION    SW (240)
  HIGHEST GUST SPEED    31   HIGHEST GUST DIRECTION     W (250)
  AVERAGE WIND SPEED     5.7


SKY COVER
  AVERAGE SKY COVER 0.0


WEATHER CONDITIONS
 THE FOLLOWING WEATHER WAS RECORDED YESTERDAY.
  NO SIGNIFICANT WEATHER WAS OBSERVED.


RELATIVE HUMIDITY (PERCENT)
 HIGHEST    76           200 AM
 LOWEST      9           500 PM
 AVERAGE    43

..........................................................


THE GREAT FALLS MT CLIMATE NORMALS FOR TODAY
                         NORMAL    RECORD    YEAR
 MAXIMUM TEMPERATURE (F)   62        88      1911
                                             1897
 MINIMUM TEMPERATURE (F)   35        26      1996
                                             1967
                                             1917


SUNRISE AND SUNSET
MAY  5 2015...........SUNRISE   603 AM MDT   SUNSET   843 PM MDT
MAY  6 2015...........SUNRISE   601 AM MDT   SUNSET   844 PM MDT


-  INDICATES NEGATIVE NUMBERS.
R  INDICATES RECORD WAS SET OR TIED.
MM INDICATES DATA IS MISSING.
T  INDICATES TRACE AMOUNT.




$$
