000
CDUS44 KAMA 252135
CLIGUY


CLIMATE REPORT
NATIONAL WEATHER SERVICE AMARILLO TX
434 PM CDT SAT APR 25 2015


...................................

...THE GUYMON CLIMATE SUMMARY FOR APRIL 25 2015...
VALID TODAY AS OF 0400 PM LOCAL TIME.

CLIMATE NORMAL PERIOD 1981 TO 2010
CLIMATE RECORD PERIOD 1998 TO 2015


WEATHER ITEM   OBSERVED TIME   RECORD YEAR NORMAL DEPARTURE LAST
                VALUE   (LST)  VALUE       VALUE  FROM      YEAR
                                                  NORMAL
..................................................................
TEMPERATURE (F)
 TODAY
  MAXIMUM         82    334 PM  MM      MM  73      9       87
  MINIMUM         49    520 AM  MM      MM  43      6       40
  AVERAGE         66                        58      8       64

PRECIPITATION (IN)
  TODAY            0.00         MM      MM   0.05  -0.05      T
  MONTH TO DATE    0.29                      1.25  -0.96     0.55
  SINCE MAR 1      1.30                      2.68  -1.38     0.76
  SINCE JAN 1      3.25                      3.55  -0.30     1.10

SNOWFALL (IN)
  TODAY            0.0          MM      MM  MM     MM        0.0
  MONTH TO DATE    0.0                      MM     MM        2.0
  SINCE MAR 1      2.0                      MM     MM        3.5
  SINCE JUL 1     23.3                      MM     MM       16.2
  SNOW DEPTH       0

DEGREE DAYS
 HEATING
  TODAY            0                         7     -7        1
  MONTH TO DATE  159                       273   -114      237
  SINCE MAR 1    612                       854   -242      842
  SINCE JUL 1   3829                      4321   -492     4408

 COOLING
  TODAY            1                         1      0        0
  MONTH TO DATE   16                         5     11       18
  SINCE MAR 1     17                         7     10       19
  SINCE JAN 1     17                         7     10       19
..................................................................


WIND (MPH)
  RESULTANT WIND SPEED   8   RESULTANT WIND DIRECTION   W (260)
  HIGHEST WIND SPEED    18   HIGHEST WIND DIRECTION     W (250)
  HIGHEST GUST SPEED    23   HIGHEST GUST DIRECTION     W (270)
  AVERAGE WIND SPEED    10.5


SKY COVER
  AVERAGE SKY COVER 0.0


WEATHER CONDITIONS
 THE FOLLOWING WEATHER WAS RECORDED TODAY.
  NO SIGNIFICANT WEATHER WAS OBSERVED.


RELATIVE HUMIDITY (PERCENT)
 HIGHEST    77          1200 AM
 LOWEST     16           300 PM
 AVERAGE    47

..........................................................


THE GUYMON CLIMATE NORMALS FOR TOMORROW
                         NORMAL    RECORD    YEAR
 MAXIMUM TEMPERATURE (F)   74        MM        MM
 MINIMUM TEMPERATURE (F)   43        MM        MM


SUNRISE AND SUNSET
APRIL 25 2015.........SUNRISE   700 AM CDT   SUNSET   829 PM CDT
APRIL 26 2015.........SUNRISE   658 AM CDT   SUNSET   830 PM CDT


-  INDICATES NEGATIVE NUMBERS.
R  INDICATES RECORD WAS SET OR TIED.
MM INDICATES DATA IS MISSING.
T  INDICATES TRACE AMOUNT.




$$
