000
CDUS41 KGYX 300821
CLIGYX


CLIMATE REPORT
NATIONAL WEATHER SERVICE GRAY ME
421 AM EDT MON MAR 30 2015


...................................

...THE GRAY ME CLIMATE SUMMARY FOR MARCH 29 2015...

CLIMATE NORMAL PERIOD 1981 TO 2010
CLIMATE RECORD PERIOD 1995 TO 2015


WEATHER ITEM   OBSERVED TIME   RECORD YEAR NORMAL DEPARTURE LAST
                VALUE   (LST)  VALUE       VALUE  FROM      YEAR
                                                  NORMAL
..................................................................
TEMPERATURE (F)
 YESTERDAY
  MAXIMUM         42        MM  MM      MM  46     -4       51
  MINIMUM         20        MM  MM      MM  28     -8       36
  AVERAGE         31                        37     -6       44

PRECIPITATION (IN)
  YESTERDAY        0.00         MM      MM   0.13  -0.13     0.11
  MONTH TO DATE    1.51                      3.90  -2.39     2.12
  SINCE MAR 1      1.51                      3.90  -2.39     2.12
  SINCE JAN 1      7.48                     10.74  -3.26     9.11

SNOWFALL (IN)
  YESTERDAY        0.0          MM      MM   0.5   -0.5      0.0
  MONTH TO DATE    5.0                      19.1  -14.1      7.6
  SINCE MAR 1      5.0                      19.1  -14.1      7.6
  SINCE JUL 1    104.1                      78.2   25.9     81.7
  SNOW DEPTH      13

DEGREE DAYS
 HEATING
  YESTERDAY       34                        28      6       21
  MONTH TO DATE 1072                       938    134     1164
  SINCE MAR 1   1072                       938    134     1164
  SINCE JUL 1   6548                      6096    452     6574

 COOLING
  YESTERDAY        0                         0      0        0
  MONTH TO DATE    0                         0      0        0
  SINCE MAR 1      0                         0      0        0
  SINCE JAN 1      0                         0      0        0
..................................................................







THE GRAY ME CLIMATE NORMALS FOR TODAY
                         NORMAL
 MAXIMUM TEMPERATURE (F)   47
 MINIMUM TEMPERATURE (F)   28


SUNRISE AND SUNSET
MARCH 30 2015.........SUNRISE   627 AM EDT   SUNSET   705 PM EDT
MARCH 31 2015.........SUNRISE   625 AM EDT   SUNSET   706 PM EDT


-  INDICATES NEGATIVE NUMBERS.
R  INDICATES RECORD WAS SET OR TIED.
MM INDICATES DATA IS MISSING.
T  INDICATES TRACE AMOUNT.




$$
