000
CDUS46 KHNX 010821
CLIHJO


CLIMATE REPORT
NATIONAL WEATHER SERVICE SAN JOAQUIN VALLEY, CA
121 AM PDT WED APR 1 2015


...................................

...THE HANFORD CA CLIMATE SUMMARY FOR MARCH 31 2015...

CLIMATE NORMAL PERIOD 1981 TO 2010
CLIMATE RECORD PERIOD 1998 TO 2015


WEATHER ITEM   OBSERVED TIME   RECORD YEAR NORMAL DEPARTURE
                VALUE   (LST)  VALUE       VALUE  FROM
                                                  NORMAL
...............................................................
TEMPERATURE (F)
 YESTERDAY
  MAXIMUM         81    348 PM  87    2002  71     10
  MINIMUM         58    504 AM  36    2009  44     14
  AVERAGE         70                        57     13

PRECIPITATION (IN)
  YESTERDAY        0.00          0.35 1998   0.04  -0.04
  MONTH TO DATE    0.14                      1.63  -1.49
  SINCE OCT 1      4.05                      8.53  -4.48
  SINCE JAN 1      0.93                      5.40  -4.47

SNOWFALL (IN)
  YESTERDAY        0.0
  MONTH TO DATE    0.0
  SINCE MAR 1      0.0
  SINCE JUL 1      0.0
  SNOW DEPTH       0

DEGREE DAYS
 HEATING
  YESTERDAY        0
  MONTH TO DATE   90
  SINCE MAR 1     90
  SINCE JUL 1   1632

 COOLING
  YESTERDAY        5
  MONTH TO DATE   58
  SINCE MAR 1     58
  SINCE JAN 1     58
...............................................................


WIND (MPH)
  HIGHEST WIND SPEED    28   HIGHEST WIND DIRECTION    NW (330)
  HIGHEST GUST SPEED    35   HIGHEST GUST DIRECTION    NW (330)
  AVERAGE WIND SPEED    14.8




RELATIVE HUMIDITY (PERCENT)
 HIGHEST    44
 LOWEST     15
 AVERAGE    30

..........................................................


THE HANFORD CA CLIMATE NORMALS FOR TODAY
                         NORMAL    RECORD    YEAR
 MAXIMUM TEMPERATURE (F)   71        89      2002
 MINIMUM TEMPERATURE (F)   44        36      2010


SUNRISE AND SUNSET
APRIL  1 2015.........SUNRISE   645 AM PDT   SUNSET   720 PM PDT
APRIL  2 2015.........SUNRISE   643 AM PDT   SUNSET   721 PM PDT


-  INDICATES NEGATIVE NUMBERS.
R  INDICATES RECORD WAS SET OR TIED.
MM INDICATES DATA IS MISSING.
T  INDICATES TRACE AMOUNT.




$$
