000
CDUS43 KGLD 250047
CLIHLC

CLIMATE REPORT
NATIONAL WEATHER SERVICE GOODLAND
643 PM MDT FRI APR 24 2015
...................................

...THE HILL CITY KS CLIMATE SUMMARY FOR APRIL 24 2015...
VALID TODAY AS OF 0600 PM LOCAL TIME.

CLIMATE NORMAL PERIOD 1981 TO 2010
CLIMATE RECORD PERIOD 1896 TO 2015

WEATHER ITEM   OBSERVED TIME   RECORD YEAR NORMAL DEPARTURE LAST
                VALUE   (LST)  VALUE       VALUE  FROM      YEAR
                                                  NORMAL
..................................................................
TEMPERATURE (F)
 TODAY
  MAXIMUM         74    406 PM  96    2012  68      6       71
                                      1989
  MINIMUM         54    225 AM  22    2013  41     13       45
  AVERAGE         64                        55      9       58

PRECIPITATION (IN)
  TODAY            0.04                      0.09  -0.05     0.01
  MONTH TO DATE    3.16                      1.61   1.55     3.31
  SINCE MAR 1      3.22                      3.24  -0.02     3.50
  SINCE JAN 1      3.64                      4.21  -0.57     3.96

..................................................................

THE HILL CITY KS CLIMATE NORMALS FOR TOMORROW
                         NORMAL    RECORD    YEAR
 MAXIMUM TEMPERATURE (F)   69        92      1954
 MINIMUM TEMPERATURE (F)   41        20      1907

-  INDICATES NEGATIVE NUMBERS.
R  INDICATES RECORD WAS SET OR TIED.
MM INDICATES DATA IS MISSING.
T  INDICATES TRACE AMOUNT.

$$
