000
CDHW40 PHFO 011245
CLIHNL


CLIMATE REPORT
NATIONAL WEATHER SERVICE HONOLULU HI
245 AM HST WED APR 1 2015


...................................

...THE HONOLULU HI CLIMATE SUMMARY FOR MARCH 31 2015...

CLIMATE NORMAL PERIOD 1981 TO 2010
CLIMATE RECORD PERIOD 1946 TO 2015


WEATHER ITEM   OBSERVED TIME   RECORD YEAR NORMAL DEPARTURE LAST
                VALUE   (LST)  VALUE       VALUE  FROM      YEAR
                                                  NORMAL
..................................................................
TEMPERATURE (F)
 YESTERDAY
  MAXIMUM         78   1158 AM  87    2004  82     -4       84
                                      1983
                                      1974
  MINIMUM         65    622 AM  62    1979  69     -4       72
  AVERAGE         72                        76     -4       78

PRECIPITATION (IN)
  YESTERDAY        0.01          1.71 2006   0.05  -0.04     0.02
  MONTH TO DATE    0.63                      2.02  -1.39     2.61
  SINCE MAR 1      0.63                      2.02  -1.39     2.61
  SINCE JAN 1      2.43                      6.32  -3.89     6.29

SNOWFALL (IN)
  YESTERDAY        0.0
  MONTH TO DATE    0.0
  SINCE MAR 1      0.0
  SINCE JUL 1      0.0
  SNOW DEPTH       0

DEGREE DAYS
 HEATING
  YESTERDAY        0                         0      0        0
  MONTH TO DATE    0                         0      0        0
  SINCE MAR 1      0                         0      0        0
  SINCE JUL 1      0                         0      0        0

 COOLING
  YESTERDAY        7                        10     -3       13
  MONTH TO DATE  276                       293    -17      309
  SINCE MAR 1    276                       293    -17      309
  SINCE JAN 1    786                       775     11      828
..................................................................


WIND (MPH)
  HIGHEST WIND SPEED    13   HIGHEST WIND DIRECTION    SW (220)
  HIGHEST GUST SPEED    18   HIGHEST GUST DIRECTION    SW (230)
  AVERAGE WIND SPEED     5.8


SKY COVER
  POSSIBLE SUNSHINE  MM
  AVERAGE SKY COVER 0.6


WEATHER CONDITIONS
 THE FOLLOWING WEATHER WAS RECORDED YESTERDAY.
  LIGHT RAIN


RELATIVE HUMIDITY (PERCENT)
 HIGHEST   100          1200 AM
 LOWEST     74          1200 PM
 AVERAGE    87

..........................................................


THE HONOLULU HI CLIMATE NORMALS FOR TODAY
                         NORMAL    RECORD    YEAR
 MAXIMUM TEMPERATURE (F)   82        87      2004
                                             1974
 MINIMUM TEMPERATURE (F)   69        62      2013
                                             2002


SUNRISE AND SUNSET
APRIL  1 2015.........SUNRISE   625 AM HST   SUNSET   647 PM HST
APRIL  2 2015.........SUNRISE   624 AM HST   SUNSET   647 PM HST


-  INDICATES NEGATIVE NUMBERS.
R  INDICATES RECORD WAS SET OR TIED.
MM INDICATES DATA IS MISSING.
T  INDICATES TRACE AMOUNT.




$$
