000
CDUS44 KHUN 030718
CLIHSV


CLIMATE REPORT
NATIONAL WEATHER SERVICE HUNTSVILLE AL
218 AM CDT SUN MAY 3 2015


...................................

...THE HUNTSVILLE CLIMATE SUMMARY FOR MAY 2 2015...

CLIMATE NORMAL PERIOD 1981 TO 2010
CLIMATE RECORD PERIOD 1894 TO 2015


WEATHER ITEM   OBSERVED TIME   RECORD YEAR NORMAL DEPARTURE LAST
                VALUE   (LST)  VALUE       VALUE  FROM      YEAR
                                                  NORMAL
..................................................................
TEMPERATURE (F)
 YESTERDAY
  MAXIMUM         79    323 PM  91    2012  78      1       70
                                      1952
                                      1930
  MINIMUM         45    435 AM  32    1909  55    -10       49
  AVERAGE         62                        66     -4       60

PRECIPITATION (IN)
  YESTERDAY        0.00          2.59 2010   0.17  -0.17     0.00
  MONTH TO DATE    0.00                      0.35  -0.35     0.00
  SINCE MAR 1     12.56                      9.88   2.68    10.80
  SINCE JAN 1     20.30                     19.61   0.69    20.67

SNOWFALL (IN)
  YESTERDAY        0.0
  MONTH TO DATE    0.0
  SINCE MAR 1      1.0
  SINCE JUL 1      9.8
  SNOW DEPTH       0

DEGREE DAYS
 HEATING
  YESTERDAY        3                         2      1        5
  MONTH TO DATE    8                         4      4       12
  SINCE MAR 1    383                       526   -143      602
  SINCE JUL 1   3024                      2978     46     3437

 COOLING
  YESTERDAY        0                         3     -3        0
  MONTH TO DATE    0                         6     -6        0
  SINCE MAR 1     63                        77    -14       42
  SINCE JAN 1     63                        78    -15       43
..................................................................


WIND (MPH)
  HIGHEST WIND SPEED    12   HIGHEST WIND DIRECTION     E (110)
  HIGHEST GUST SPEED    17   HIGHEST GUST DIRECTION    SE (120)
  AVERAGE WIND SPEED     2.5


SKY COVER
  POSSIBLE SUNSHINE  MM
  AVERAGE SKY COVER 0.2


WEATHER CONDITIONS
 THE FOLLOWING WEATHER WAS RECORDED YESTERDAY.
  FOG


RELATIVE HUMIDITY (PERCENT)
 HIGHEST    93           600 AM
 LOWEST     31           400 PM
 AVERAGE    62

..........................................................


THE HUNTSVILLE CLIMATE NORMALS FOR TODAY
                         NORMAL    RECORD    YEAR
 MAXIMUM TEMPERATURE (F)   78        91      1952
                                             1930
 MINIMUM TEMPERATURE (F)   56        36      1971


SUNRISE AND SUNSET
MAY  3 2015...........SUNRISE   555 AM CDT   SUNSET   733 PM CDT
MAY  4 2015...........SUNRISE   554 AM CDT   SUNSET   734 PM CDT


-  INDICATES NEGATIVE NUMBERS.
R  INDICATES RECORD WAS SET OR TIED.
MM INDICATES DATA IS MISSING.
T  INDICATES TRACE AMOUNT.




$$
