000
CDUS43 KAPX 040540
CLIHTL


CLIMATE REPORT
NATIONAL WEATHER SERVICE GAYLORD MI
139 AM EDT MON MAY 4 2015


...................................

...THE HOUGHTON LAKE MI CLIMATE SUMMARY FOR MAY 3 2015...

CLIMATE NORMAL PERIOD 1981 TO 2010
CLIMATE RECORD PERIOD 1913 TO 2015


WEATHER ITEM   OBSERVED TIME   RECORD YEAR NORMAL DEPARTURE LAST
                VALUE   (LST)  VALUE       VALUE  FROM      YEAR
                                                  NORMAL
..................................................................
TEMPERATURE (F)
 YESTERDAY
  MAXIMUM         76    453 PM  89    1928  62     14       50
  MINIMUM         53    258 AM  20    1920  38     15       39
  AVERAGE         65                        50     15       45

PRECIPITATION (IN)
  YESTERDAY        0.00          2.56 2012   0.08  -0.08     0.52
  MONTH TO DATE    0.00                      0.24  -0.24     0.68
  SINCE MAR 1      2.73                      4.56  -1.83     7.49
  SINCE JAN 1      4.54                      7.28  -2.74    10.29

DEGREE DAYS
 HEATING
  YESTERDAY        0                        15    -15       20
  MONTH TO DATE   21                        47    -26       60
  SINCE MAR 1   1875                      1836     39     2182
  SINCE JUL 1   8242                      7708    534     8630

 COOLING
  YESTERDAY        0                         0      0        0
  MONTH TO DATE    0                         0      0        0
  SINCE MAR 1      0                         2     -2        0
  SINCE JAN 1      0                         2     -2        0
..................................................................


WIND (MPH)
  HIGHEST WIND SPEED    17   HIGHEST WIND DIRECTION    SW (220)
  HIGHEST GUST SPEED    25   HIGHEST GUST DIRECTION    SW (210)
  AVERAGE WIND SPEED     8.1




RELATIVE HUMIDITY (PERCENT)
 HIGHEST    55
 LOWEST     31
 AVERAGE    43

..........................................................


THE HOUGHTON LAKE MI CLIMATE NORMALS FOR TODAY
                         NORMAL    RECORD    YEAR
 MAXIMUM TEMPERATURE (F)   62        89      1934
 MINIMUM TEMPERATURE (F)   38        12      1926


SUNRISE AND SUNSET
MAY  4 2015...........SUNRISE   626 AM EDT   SUNSET   846 PM EDT
MAY  5 2015...........SUNRISE   624 AM EDT   SUNSET   847 PM EDT


-  INDICATES NEGATIVE NUMBERS.
R  INDICATES RECORD WAS SET OR TIED.
MM INDICATES DATA IS MISSING.
T  INDICATES TRACE AMOUNT.




$$
