000
CDUS45 KTFX 190037
CLIHVR


CLIMATE REPORT
NATIONAL WEATHER SERVICE GREAT FALLS MT
636 PM MDT SAT APR 18 2015


...................................

...THE HAVRE MT CLIMATE SUMMARY FOR APRIL 18 2015...
VALID TODAY AS OF 0500 PM LOCAL TIME.

CLIMATE NORMAL PERIOD 1981 TO 2010
CLIMATE RECORD PERIOD 1880 TO 2015


WEATHER ITEM   OBSERVED TIME   RECORD YEAR NORMAL DEPARTURE LAST
                VALUE   (LST)  VALUE       VALUE  FROM      YEAR
                                                  NORMAL
..................................................................
TEMPERATURE (F)
 TODAY
  MAXIMUM         56    355 PM  86    1936  59     -3       63
  MINIMUM         41   1207 AM   8    1951  31     10       42
  AVERAGE         49                        45      4       53

PRECIPITATION (IN)
  TODAY            T             0.35 1951   0.02  -0.02     0.04
  MONTH TO DATE    0.30                      0.43  -0.13     0.11
  SINCE OCT 1      4.03                      2.99   1.04     3.92
  SINCE JAN 1      2.46                      1.58   0.88     1.91

SNOWFALL (IN)
  TODAY            0.0           3.9  1951   0.1   -0.1      0.0
  MONTH TO DATE    T                         2.3   -2.3       T
  SINCE MAR 1      T                         8.6   -8.6      7.0
  SINCE JUL 1     20.6                      36.5  -15.9     44.4
  SNOW DEPTH       0

DEGREE DAYS
 HEATING
  TODAY           16                        20     -4       12
  MONTH TO DATE  393                       405    -12      409
  SINCE MAR 1   1125                      1403   -278     1571
  SINCE JUL 1   6793                      7523   -730     7812

 COOLING
  TODAY            0                         0      0        0
  MONTH TO DATE    0                         0      0        0
  SINCE MAR 1      0                         0      0        0
  SINCE JAN 1      0                         0      0        0
..................................................................


WIND (MPH)
  HIGHEST WIND SPEED    26   HIGHEST WIND DIRECTION    NW (320)
  HIGHEST GUST SPEED    32   HIGHEST GUST DIRECTION    NW (320)
  AVERAGE WIND SPEED    13.5


SKY COVER
  AVERAGE SKY COVER 0.9


WEATHER CONDITIONS
 THE FOLLOWING WEATHER WAS RECORDED TODAY.
  LIGHT RAIN


RELATIVE HUMIDITY (PERCENT)
 HIGHEST    70           600 AM
 LOWEST     27           400 PM
 AVERAGE    49

..........................................................


THE HAVRE MT CLIMATE NORMALS FOR TOMORROW
                         NORMAL    RECORD    YEAR
 MAXIMUM TEMPERATURE (F)   60        89      1910
 MINIMUM TEMPERATURE (F)   32         8      1951


SUNRISE AND SUNSET
APRIL 18 2015.........SUNRISE   623 AM MDT   SUNSET   815 PM MDT
APRIL 19 2015.........SUNRISE   621 AM MDT   SUNSET   816 PM MDT


-  INDICATES NEGATIVE NUMBERS.
R  INDICATES RECORD WAS SET OR TIED.
MM INDICATES DATA IS MISSING.
T  INDICATES TRACE AMOUNT.




$$
