000
CDUS42 KILM 182047
CLIILM


CLIMATE REPORT
NATIONAL WEATHER SERVICE WILMINGTON NC
444 PM EDT SAT APR 18 2015


...................................

...THE WILMINGTON NC CLIMATE SUMMARY FOR APRIL 18 2015...
VALID TODAY AS OF 0400 PM LOCAL TIME.

CLIMATE NORMAL PERIOD 1981 TO 2010
CLIMATE RECORD PERIOD 1871 TO 2015


WEATHER ITEM   OBSERVED TIME   RECORD YEAR NORMAL DEPARTURE LAST
                VALUE   (LST)  VALUE       VALUE  FROM      YEAR
                                                  NORMAL
..................................................................
TEMPERATURE (F)
 TODAY
  MAXIMUM         73    259 PM  93    1976  75     -2       66
  MINIMUM         65    524 AM  32    1875  52     13       45
  AVERAGE         69                        64      5       56

PRECIPITATION (IN)
  TODAY            0.11          1.50 1885   0.09   0.02     0.45
  MONTH TO DATE    1.49                      1.69  -0.20     1.12
  SINCE MAR 1      4.92                      5.90  -0.98     7.51
  SINCE JAN 1     14.24                     13.28   0.96    12.97

SNOWFALL (IN)
  TODAY            0.0          MM      MM   0.0    0.0      0.0
  MONTH TO DATE    0.0                       0.0    0.0      0.0
  SINCE MAR 1      0.0                       0.2   -0.2      0.0
  SINCE JUL 1      0.3                       1.7   -1.4      1.0
  SNOW DEPTH       0

DEGREE DAYS
 HEATING
  TODAY            0                         4     -4        9
  MONTH TO DATE   51                        97    -46       58
  SINCE MAR 1    364                       420    -56      471
  SINCE JUL 1   2547                      2349    198     2405

 COOLING
  TODAY            4                         2      2        0
  MONTH TO DATE   45                        30     15       58
  SINCE MAR 1     65                        46     19       60
  SINCE JAN 1     71                        51     20       65
..................................................................


WIND (MPH)
  HIGHEST WIND SPEED    12   HIGHEST WIND DIRECTION    NE (50)
  HIGHEST GUST SPEED    14   HIGHEST GUST DIRECTION    NE (30)
  AVERAGE WIND SPEED     4.0


SKY COVER
  POSSIBLE SUNSHINE  MM
  AVERAGE SKY COVER 0.9


WEATHER CONDITIONS
 THE FOLLOWING WEATHER WAS RECORDED TODAY.
  RAIN
  LIGHT RAIN
  FOG


RELATIVE HUMIDITY (PERCENT)
 HIGHEST    93          1200 AM
 LOWEST     73           300 PM
 AVERAGE    83

..........................................................


THE WILMINGTON NC CLIMATE NORMALS FOR TOMORROW
                         NORMAL    RECORD    YEAR
 MAXIMUM TEMPERATURE (F)   75        89      1968
                                             1958
 MINIMUM TEMPERATURE (F)   53        28      1875


SUNRISE AND SUNSET
APRIL 18 2015.........SUNRISE   637 AM EDT   SUNSET   745 PM EDT
APRIL 19 2015.........SUNRISE   636 AM EDT   SUNSET   746 PM EDT


-  INDICATES NEGATIVE NUMBERS.
R  INDICATES RECORD WAS SET OR TIED.
MM INDICATES DATA IS MISSING.
T  INDICATES TRACE AMOUNT.




$$
