000
CDUS43 KIND 210532
CLIIND


CLIMATE REPORT
NATIONAL WEATHER SERVICE INDIANAPOLIS IN
131 AM EDT TUE APR 21 2015


...................................

...THE INDIANAPOLIS IN CLIMATE SUMMARY FOR APRIL 20 2015...

CLIMATE NORMAL PERIOD 1981 TO 2010
CLIMATE RECORD PERIOD 1871 TO 2015


WEATHER ITEM   OBSERVED TIME   RECORD YEAR NORMAL DEPARTURE LAST
                VALUE   (LST)  VALUE       VALUE  FROM      YEAR
                                                  NORMAL
..................................................................
TEMPERATURE (F)
 YESTERDAY
  MAXIMUM         58    524 AM  85    1915  65     -7       75
  MINIMUM         45   1020 PM  23    1897  44      1       43
  AVERAGE         52                        55     -3       59

PRECIPITATION (IN)
  YESTERDAY        0.30          2.66 1920   0.12   0.18     0.00
  MONTH TO DATE    3.28                      2.47   0.81     4.09
  SINCE MAR 1      6.81                      6.03   0.78     6.47
  SINCE JAN 1      9.96                     11.01  -1.05    11.26

SNOWFALL (IN)
  YESTERDAY        0.0           T    2000   0.0    0.0      0.0
                                      1953
  MONTH TO DATE    T                         0.2   -0.2      0.3
  SINCE MAR 1      5.9                       2.8    3.1      3.4
  SINCE JUL 1     25.6                      25.9   -0.3     55.7
  SNOW DEPTH       0

DEGREE DAYS
 HEATING
  YESTERDAY       13                        11      2        6
  MONTH TO DATE  155                       278   -123      279
  SINCE MAR 1    945                       985    -40     1178
  SINCE JUL 1   5671                      5128    543     5975

 COOLING
  YESTERDAY        0                         1     -1        0
  MONTH TO DATE    6                         3      3        4
  SINCE MAR 1      6                         5      1        4
  SINCE JAN 1      6                         5      1        4
..................................................................


WIND (MPH)
  HIGHEST WIND SPEED    30   HIGHEST WIND DIRECTION     W (260)
  HIGHEST GUST SPEED    36   HIGHEST GUST DIRECTION     W (260)
  AVERAGE WIND SPEED    18.6


SKY COVER
  AVERAGE SKY COVER 0.9


WEATHER CONDITIONS
 THE FOLLOWING WEATHER WAS RECORDED YESTERDAY.
  HEAVY RAIN
  RAIN
  LIGHT RAIN
  FOG


RELATIVE HUMIDITY (PERCENT)
 HIGHEST    86           100 AM
 LOWEST     51           400 PM
 AVERAGE    69

..........................................................


THE INDIANAPOLIS IN CLIMATE NORMALS FOR TODAY
                         NORMAL    RECORD    YEAR
 MAXIMUM TEMPERATURE (F)   65        84      1987
                                             1985
                                             1902
 MINIMUM TEMPERATURE (F)   45        28      1907


SUNRISE AND SUNSET
APRIL 21 2015.........SUNRISE   659 AM EDT   SUNSET   829 PM EDT
APRIL 22 2015.........SUNRISE   658 AM EDT   SUNSET   830 PM EDT


-  INDICATES NEGATIVE NUMBERS.
R  INDICATES RECORD WAS SET OR TIED.
MM INDICATES DATA IS MISSING.
T  INDICATES TRACE AMOUNT.




$$
