000
CDUS45 KFGZ 060827
CLIINW
CLIMATE REPORT
NATIONAL WEATHER SERVICE FLAGSTAFF, AZ
121 AM MST WED MAY 6 2015


...................................

...THE WINSLOW AZ AIRPORT CLIMATE SUMMARY FOR MAY 5 2015...

CLIMATE NORMAL PERIOD 1981 TO 2010
CLIMATE RECORD PERIOD 1915 TO 2015


WEATHER ITEM   OBSERVED TIME   RECORD YEAR NORMAL DEPARTURE LAST
                VALUE   (LST)  VALUE       VALUE  FROM      YEAR
                                                  NORMAL
..................................................................
TEMPERATURE (F)
 YESTERDAY
  MAXIMUM         68    338 PM  92    1947  78    -10       84
  MINIMUM         48    322 AM  30    1950  43      5       46
  AVERAGE         58                        60     -2       65

PRECIPITATION (IN)
  YESTERDAY        0.06          0.25 1978   0.01   0.05     0.00
  MONTH TO DATE    0.33                      0.05   0.28     0.00
  SINCE SEP 1      5.77                      4.31   1.46     4.99
  SINCE JAN 1      2.92                      1.83   1.09     1.18

DEGREE DAYS
 HEATING
  YESTERDAY        7                         6      1        0
  MONTH TO DATE   15                        30    -15       21
  SINCE JUL 1   3689                      4409   -720     4189

 COOLING
  YESTERDAY        0                         1     -1        0
  MONTH TO DATE    3                         5     -2        3
  SINCE JAN 1      3                         9     -6        4
..................................................................


WIND (MPH)
  HIGHEST WIND SPEED    29   HIGHEST WIND DIRECTION     W (250)
  HIGHEST GUST SPEED    35   HIGHEST GUST DIRECTION     W (250)
  AVERAGE WIND SPEED    13.0


SKY COVER
  POSSIBLE SUNSHINE  MM
  AVERAGE SKY COVER 0.6


WEATHER CONDITIONS
 THE FOLLOWING WEATHER WAS RECORDED YESTERDAY.
  THUNDERSTORM
  LIGHT RAIN


RELATIVE HUMIDITY (PERCENT)
 HIGHEST    86           300 AM
 LOWEST     42           400 PM
 AVERAGE    64

..........................................................


THE WINSLOW AZ AIRPORT CLIMATE NORMALS FOR TODAY
                         NORMAL    RECORD    YEAR
 MAXIMUM TEMPERATURE (F)   78        91      2009
                                             1989
 MINIMUM TEMPERATURE (F)   43        25      1975


SUNRISE AND SUNSET
MAY  6 2015...........SUNRISE   527 AM MST   SUNSET   712 PM MST
MAY  7 2015...........SUNRISE   526 AM MST   SUNSET   713 PM MST


-  INDICATES NEGATIVE NUMBERS.
R  INDICATES RECORD WAS SET OR TIED.
MM INDICATES DATA IS MISSING.
T  INDICATES TRACE AMOUNT.




$$
