000
CDUS43 KBIS 190736
CLIISN


CLIMATE REPORT
NATIONAL WEATHER SERVICE BISMARCK ND
235 AM CDT SUN APR 19 2015


...................................

...THE WILLISTON ND CLIMATE SUMMARY FOR APRIL 18 2015...

CLIMATE NORMAL PERIOD 1981 TO 2010
CLIMATE RECORD PERIOD 1894 TO 2015


WEATHER ITEM   OBSERVED TIME   RECORD YEAR NORMAL DEPARTURE LAST
                VALUE   (LST)  VALUE       VALUE  FROM      YEAR
                                                  NORMAL
..................................................................
TEMPERATURE (F)
 YESTERDAY
  MAXIMUM         73   1249 PM  83    1980  59     14       57
                                      1923
  MINIMUM         36    628 AM  10    1953  31      5       35
                                      1928
  AVERAGE         55                        45     10       46

PRECIPITATION (IN)
  YESTERDAY        0.02          2.20 2006   0.03  -0.01     0.10
  MONTH TO DATE    0.11                      0.53  -0.42     0.28
  SINCE MAR 1      0.58                      1.24  -0.66     0.60
  SINCE JAN 1      1.52                      2.22  -0.70     1.04

SNOWFALL (IN)
  YESTERDAY       MM            10.0  1896   0.1   MM       MM
  MONTH TO DATE   MM                         2.6   MM       MM
  SINCE MAR 1     MM                         8.8   MM       MM
  SINCE JUL 1     MM                        42.9   MM       MM
  SNOW DEPTH       0

DEGREE DAYS
 HEATING
  YESTERDAY       10                        20    -10       19
  MONTH TO DATE  386                       434    -48      503
  SINCE MAR 1   1255                      1541   -286     1706
  SINCE JUL 1   7771                      8309   -538     8655

 COOLING
  YESTERDAY        0                         0      0        0
  MONTH TO DATE    0                         0      0        0
  SINCE MAR 1      0                         0      0        0
  SINCE JAN 1      0                         0      0        0
..................................................................


WIND (MPH)
  HIGHEST WIND SPEED    28   HIGHEST WIND DIRECTION    NW (330)
  HIGHEST GUST SPEED    36   HIGHEST GUST DIRECTION     N (340)
  AVERAGE WIND SPEED    12.6


SKY COVER
  POSSIBLE SUNSHINE  MM
  AVERAGE SKY COVER 0.3


WEATHER CONDITIONS
 THE FOLLOWING WEATHER WAS RECORDED YESTERDAY.
  THUNDERSTORM
  LIGHT RAIN


RELATIVE HUMIDITY (PERCENT)
 HIGHEST    57           700 AM
 LOWEST     29           100 PM
 AVERAGE    43

..........................................................


THE WILLISTON ND CLIMATE NORMALS FOR TODAY
                         NORMAL    RECORD    YEAR
 MAXIMUM TEMPERATURE (F)   59        87      1910
 MINIMUM TEMPERATURE (F)   31         6      1928


SUNRISE AND SUNSET
APRIL 19 2015.........SUNRISE   658 AM CDT   SUNSET   851 PM CDT
APRIL 20 2015.........SUNRISE   656 AM CDT   SUNSET   852 PM CDT


-  INDICATES NEGATIVE NUMBERS.
R  INDICATES RECORD WAS SET OR TIED.
MM INDICATES DATA IS MISSING.
T  INDICATES TRACE AMOUNT.




$$
