000
CDUS43 KBIS 020026
CLIISN


CLIMATE REPORT
NATIONAL WEATHER SERVICE BISMARCK ND
726 PM CDT WED APR 1 2015


...................................

...THE WILLISTON ND CLIMATE SUMMARY FOR APRIL 1 2015...
VALID TODAY AS OF 0700 PM LOCAL TIME.

CLIMATE NORMAL PERIOD 1981 TO 2010
CLIMATE RECORD PERIOD 1894 TO 2015


WEATHER ITEM   OBSERVED TIME   RECORD YEAR NORMAL DEPARTURE LAST
                VALUE   (LST)  VALUE       VALUE  FROM      YEAR
                                                  NORMAL
..................................................................
TEMPERATURE (F)
 TODAY
  MAXIMUM         58   1210 AM  75    2012  50      8       34
  MINIMUM         47    840 AM -14    1975  25     22        7
  AVERAGE         53                        37     16       21

PRECIPITATION (IN)
  TODAY            0.00          0.24 2003   0.02  -0.02     0.00
                                      1946
  MONTH TO DATE    0.00                      0.02  -0.02     0.00
  SINCE MAR 1      0.47                      0.73  -0.26     0.32
  SINCE JAN 1      1.41                      1.71  -0.30     0.76

SNOWFALL (IN)
  TODAY           MM

DEGREE DAYS
 HEATING
  TODAY           12                        28    -16       44
  MONTH TO DATE   12                        28    -16       44
  SINCE MAR 1    881                      1135   -254     1247
  SINCE JUL 1   7397                      7903   -506     8196

 COOLING
  TODAY            0                         0      0        0
  MONTH TO DATE    0                         0      0        0
  SINCE MAR 1      0                         0      0        0
  SINCE JAN 1      0                         0      0        0
..................................................................


WIND (MPH)
  HIGHEST WIND SPEED    33   HIGHEST WIND DIRECTION     W (290)
  HIGHEST GUST SPEED    45   HIGHEST GUST DIRECTION    NW (310)
  AVERAGE WIND SPEED    18.3


SKY COVER
  POSSIBLE SUNSHINE  MM
  AVERAGE SKY COVER 0.4


WEATHER CONDITIONS
 THE FOLLOWING WEATHER WAS RECORDED TODAY.
  NO SIGNIFICANT WEATHER WAS OBSERVED.


RELATIVE HUMIDITY (PERCENT)
 HIGHEST    71           600 AM
 LOWEST     26           400 PM
 AVERAGE    49

..........................................................


THE WILLISTON ND CLIMATE NORMALS FOR TOMORROW
                         NORMAL    RECORD    YEAR
 MAXIMUM TEMPERATURE (F)   50        78      1991
 MINIMUM TEMPERATURE (F)   25       -15      1975


SUNRISE AND SUNSET
APRIL  1 2015.........SUNRISE   733 AM CDT   SUNSET   825 PM CDT
APRIL  2 2015.........SUNRISE   731 AM CDT   SUNSET   826 PM CDT


-  INDICATES NEGATIVE NUMBERS.
R  INDICATES RECORD WAS SET OR TIED.
MM INDICATES DATA IS MISSING.
T  INDICATES TRACE AMOUNT.




$$
