000
CDCA42 TJSJ 250438
CLIISX


CLIMATE REPORT
NATIONAL WEATHER SERVICE SAN JUAN, PR
1236 AM AST SAT APR 25 2015


...................................

...THE HENRY E. ROHLSEN AP/ST CROIX CLIMATE SUMMARY FOR APRIL 24 2015...

CLIMATE NORMAL PERIOD 1981 TO 2010
CLIMATE RECORD PERIOD 1951 TO 2015


WEATHER ITEM   OBSERVED TIME   RECORD YEAR NORMAL DEPARTURE LAST
                VALUE   (LST)  VALUE       VALUE  FROM      YEAR
                                                  NORMAL
..................................................................
TEMPERATURE (F)
 YESTERDAY
  MAXIMUM         87    221 PM  90    1961  86      1       87
  MINIMUM         73   1159 PM  68    1980  75     -2       75
  AVERAGE         80                        80      0       81

PRECIPITATION (IN)
  YESTERDAY        0.00          0.99 1960   0.08  -0.08     0.00
  MONTH TO DATE    0.59                      1.56  -0.97     2.72
  SINCE MAR 1      1.35                      3.12  -1.77     4.49
  SINCE JAN 1      4.37                      6.91  -2.54     6.65

SNOWFALL (IN)
  YESTERDAY        0.0                       0.0    0.0      0.0
  MONTH TO DATE    0.0                       0.0    0.0      0.0
  SINCE MAR 1      0.0                       0.0    0.0      0.0
  SINCE JUL 1      0.0                       0.0    0.0      0.0

DEGREE DAYS
 HEATING
  YESTERDAY        0                         0      0        0
  MONTH TO DATE    0                         0      0        0
  SINCE MAR 1      0                         0      0        0
  SINCE JUL 1      0                         0      0        0

 COOLING
  YESTERDAY       15                        15      0       16
  MONTH TO DATE  370                       353     17      366
  SINCE MAR 1    790                       773     17      799
  SINCE JAN 1   1593                      1550     43     1648
..................................................................


WIND (MPH)
  HIGHEST WIND SPEED    13   HIGHEST WIND DIRECTION    SE (150)
  HIGHEST GUST SPEED    16   HIGHEST GUST DIRECTION    SE (130)
  AVERAGE WIND SPEED     5.5


SKY COVER
  AVERAGE SKY COVER 0.4


WEATHER CONDITIONS
 THE FOLLOWING WEATHER WAS RECORDED YESTERDAY.
  NO SIGNIFICANT WEATHER WAS OBSERVED.


RELATIVE HUMIDITY (PERCENT)
 HIGHEST    93
 LOWEST     61
 AVERAGE    77

..........................................................


THE HENRY E. ROHLSEN AP/ST CROIX CLIMATE NORMALS FOR TODAY
                         NORMAL    RECORD    YEAR
 MAXIMUM TEMPERATURE (F)   86        90      1958
 MINIMUM TEMPERATURE (F)   75        68      1980


SUNRISE AND SUNSET
APRIL 25 2015.........SUNRISE   557 AM AST   SUNSET   638 PM AST
APRIL 26 2015.........SUNRISE   556 AM AST   SUNSET   638 PM AST


-  INDICATES NEGATIVE NUMBERS.
R  INDICATES RECORD WAS SET OR TIED.
MM INDICATES DATA IS MISSING.
T  INDICATES TRACE AMOUNT.




$$
