000
CDUS44 KJAN 050730
CLIJAN


CLIMATE REPORT
NATIONAL WEATHER SERVICE JACKSON MS
229 AM CDT TUE MAY 5 2015


...................................

...THE JACKSON CLIMATE SUMMARY FOR MAY 4 2015...

CLIMATE NORMAL PERIOD 1981 TO 2010
CLIMATE RECORD PERIOD 1896 TO 2015


WEATHER ITEM   OBSERVED TIME   RECORD YEAR NORMAL DEPARTURE LAST
                VALUE   (LST)  VALUE       VALUE  FROM      YEAR
                                                  NORMAL
..................................................................
TEMPERATURE (F)
 YESTERDAY
  MAXIMUM         84    406 PM  93    1949  80      4       87
  MINIMUM         51    508 AM  36    2013  58     -7       52
  AVERAGE         68                        69     -1       70

PRECIPITATION (IN)
  YESTERDAY        0.00          3.20 1989   0.14  -0.14     0.00
  MONTH TO DATE    0.00                      0.56  -0.56     0.00
  SINCE MAR 1     11.02                     10.56   0.46    18.17
  SINCE JAN 1     21.22                     20.29   0.93    25.22

SNOWFALL (IN)
  YESTERDAY        0.0           0.0    MM   0.0    0.0      0.0
  MONTH TO DATE    0.0                       0.0    0.0      0.0
  SINCE MAR 1      0.3                       0.1    0.2       T
  SINCE JUL 1      0.3                       0.8   -0.5      0.8

DEGREE DAYS
 HEATING
  YESTERDAY        0                         1     -1        0
  MONTH TO DATE    2                         4     -2       11
  SINCE MAR 1    227                       391   -164      469
  SINCE JUL 1   2353                      2383    -30     2735

 COOLING
  YESTERDAY        3                         5     -2        5
  MONTH TO DATE    7                        19    -12        5
  SINCE MAR 1    183                       127     56       88
  SINCE JAN 1    183                       137     46       94
..................................................................


WIND (MPH)
  HIGHEST WIND SPEED    16   HIGHEST WIND DIRECTION    SE (140)
  HIGHEST GUST SPEED    23   HIGHEST GUST DIRECTION    SE (140)
  AVERAGE WIND SPEED     4.9


SKY COVER
  POSSIBLE SUNSHINE  MM
  AVERAGE SKY COVER 0.3


WEATHER CONDITIONS
 THE FOLLOWING WEATHER WAS RECORDED YESTERDAY.
  NO SIGNIFICANT WEATHER WAS OBSERVED.


RELATIVE HUMIDITY (PERCENT)
 HIGHEST    93           500 AM
 LOWEST     37           300 PM
 AVERAGE    65

..........................................................


THE JACKSON CLIMATE NORMALS FOR TODAY
                         NORMAL    RECORD    YEAR
 MAXIMUM TEMPERATURE (F)   80        96      1952
 MINIMUM TEMPERATURE (F)   58        44      1978
                                             1957
                                             1954


SUNRISE AND SUNSET
MAY  5 2015...........SUNRISE   610 AM CDT   SUNSET   744 PM CDT
MAY  6 2015...........SUNRISE   610 AM CDT   SUNSET   745 PM CDT


-  INDICATES NEGATIVE NUMBERS.
R  INDICATES RECORD WAS SET OR TIED.
MM INDICATES DATA IS MISSING.
T  INDICATES TRACE AMOUNT.

&&

AT 2 AM:

THE PEARL RIVER STAGE AT JACKSON WAS 4 FEET. THE RIVER HAS FALLEN
0.2 FEET OVER THE LAST 24 HOURS.

THE MISSISSIPPI RIVER STAGE AT VICKSBURG WAS 41.2 FEET. THE RIVER HAS FALLEN
0.4 FEET OVER THE LAST 24 HOURS.

$$
