000
CDUS45 KGGW 070015
CLIJDN


CLIMATE REPORT
NATIONAL WEATHER SERVICE GLASGOW MT
615 PM MDT WED MAY 6 2015


...................................

...THE JORDAN  ASOS MT CLIMATE SUMMARY FOR MAY 6 2015...
VALID TODAY AS OF 0500 PM LOCAL TIME.

CLIMATE NORMAL PERIOD 1981 TO 2010
CLIMATE RECORD PERIOD 9999 TO 9999


WEATHER ITEM   OBSERVED TIME   RECORD YEAR NORMAL DEPARTURE LAST
                VALUE   (LST)  VALUE       VALUE  FROM      YEAR
                                                  NORMAL
..................................................................
TEMPERATURE (F)
 TODAY
  MAXIMUM         59        MM  MM      MM  64     -5       59
  MINIMUM         48        MM  MM      MM  35     13       38
  AVERAGE         54                        50      4       49

PRECIPITATION (IN)
  TODAY            0.00         MM      MM   0.06  -0.06     0.03
  MONTH TO DATE    0.00                      0.32  -0.32     0.28
  SINCE OCT 1      3.35                      3.94  -0.59     4.29
  SINCE JAN 1      2.16                      2.40  -0.24     1.88

SNOWFALL (IN)
  TODAY            0.0          MM      MM  MM     MM       MM
  MONTH TO DATE    0.0                      MM     MM        0.0
  SINCE MAR 1      0.0                      MM     MM        0.0
  SINCE JUL 1      0.0                      MM     MM        0.0
  SNOW DEPTH       0

DEGREE DAYS
 HEATING
  TODAY           11                        15     -4       16
  MONTH TO DATE   53                        97    -44      109
  SINCE MAR 1   1369                      1713   -344     1857
  SINCE JUL 1   7162                      7831   -669     8170

 COOLING
  TODAY            0                         0      0        0
  MONTH TO DATE    0                         0      0        0
  SINCE MAR 1      0                         0      0        0
  SINCE JAN 1      0                         0      0        0
..................................................................


WIND (MPH)
  HIGHEST WIND SPEED    23   HIGHEST WIND DIRECTION    NW (300)
  HIGHEST GUST SPEED    31   HIGHEST GUST DIRECTION     N (340)
  AVERAGE WIND SPEED    16.9


SKY COVER
  POSSIBLE SUNSHINE  MM
  AVERAGE SKY COVER 0.0


WEATHER CONDITIONS
 THE FOLLOWING WEATHER WAS RECORDED TODAY.
  NO SIGNIFICANT WEATHER WAS OBSERVED.


RELATIVE HUMIDITY (PERCENT)
 HIGHEST    80          1000 AM
 LOWEST     47           400 PM
 AVERAGE    64

..........................................................


THE JORDAN  ASOS MT CLIMATE NORMALS FOR TOMORROW
                         NORMAL    RECORD    YEAR
 MAXIMUM TEMPERATURE (F)   64        MM        MM
 MINIMUM TEMPERATURE (F)   36        MM        MM


SUNRISE AND SUNSET
MAY  6 2015...........SUNRISE   543 AM MDT   SUNSET   825 PM MDT
MAY  7 2015...........SUNRISE   542 AM MDT   SUNSET   827 PM MDT


-  INDICATES NEGATIVE NUMBERS.
R  INDICATES RECORD WAS SET OR TIED.
MM INDICATES DATA IS MISSING.
T  INDICATES TRACE AMOUNT.




$$
