000
CDUS45 KBOI 210931
CLIJER


CLIMATE REPORT
NATIONAL WEATHER SERVICE BOISE ID
331 AM MDT TUE APR 21 2015


...................................

...THE JEROME ID CLIMATE SUMMARY FOR APRIL 20 2015...

CLIMATE NORMAL PERIOD 1981 TO 2010
CLIMATE RECORD PERIOD 1919 TO 2015


WEATHER ITEM   OBSERVED TIME   RECORD YEAR NORMAL DEPARTURE LAST
                VALUE   (LST)  VALUE       VALUE  FROM      YEAR
                                                  NORMAL
..................................................................
TEMPERATURE (F)
 YESTERDAY
  MAXIMUM         70    436 PM  89    1962  59     11       62
  MINIMUM         36    555 AM  20    1966  36      0       41
  AVERAGE         53                        48      5       52

PRECIPITATION (IN)
  YESTERDAY        0.00          0.91 2005   0.05  -0.05     0.00
  MONTH TO DATE    0.14                      0.88  -0.74     0.18
  SINCE OCT 1      4.88                      7.42  -2.54     4.43
  SINCE JAN 1      1.98                      3.90  -1.92     3.83

DEGREE DAYS
 HEATING
  YESTERDAY       12                        17     -5       13
  MONTH TO DATE  378                       386     -8      333
  SINCE MAR 1    933                      1155   -222     1033
  SINCE JUL 1   4975                      6042  -1067     5701

 COOLING
  YESTERDAY        0                         0      0        0
  MONTH TO DATE    0                         0      0        0
  SINCE MAR 1      0                         0      0        0
  SINCE JAN 1      0                         0      0        0
..................................................................


WIND (MPH)
  HIGHEST WIND SPEED    14   HIGHEST WIND DIRECTION     W (270)
  HIGHEST GUST SPEED    23   HIGHEST GUST DIRECTION     W (250)
  AVERAGE WIND SPEED     5.7


SKY COVER
  AVERAGE SKY COVER 0.0


WEATHER CONDITIONS
 THE FOLLOWING WEATHER WAS RECORDED YESTERDAY.
  NO SIGNIFICANT WEATHER WAS OBSERVED.


RELATIVE HUMIDITY (PERCENT)
 HIGHEST    52           600 AM
 LOWEST     17           400 PM
 AVERAGE    35

..........................................................


THE JEROME ID CLIMATE NORMALS FOR TODAY
                         NORMAL    RECORD    YEAR
 MAXIMUM TEMPERATURE (F)   60        89      1994
 MINIMUM TEMPERATURE (F)   36        18      2008


SUNRISE AND SUNSET
APRIL 21 2015.........SUNRISE   647 AM MDT   SUNSET   827 PM MDT
APRIL 22 2015.........SUNRISE   646 AM MDT   SUNSET   828 PM MDT


-  INDICATES NEGATIVE NUMBERS.
R  INDICATES RECORD WAS SET OR TIED.
MM INDICATES DATA IS MISSING.
T  INDICATES TRACE AMOUNT.




$$
