000
CDUS41 KCTP 210651
CLIJST


CLIMATE REPORT
NATIONAL WEATHER SERVICE STATE COLLEGE PA
250 AM EDT TUE APR 21 2015


...................................

...THE JOHNSTOWN CLIMATE SUMMARY FOR APRIL 20 2015...

CLIMATE NORMAL PERIOD 1981 TO 2010
CLIMATE RECORD PERIOD 2000 TO 2015


WEATHER ITEM   OBSERVED TIME   RECORD YEAR NORMAL DEPARTURE LAST
                VALUE   (LST)  VALUE       VALUE  FROM      YEAR
                                                  NORMAL
..................................................................
TEMPERATURE (F)
 YESTERDAY
  MAXIMUM         69    520 PM  90    1976  59     10       63
  MINIMUM         44    201 AM  23    1897  40      4       38
  AVERAGE         57                        49      8       51

PRECIPITATION (IN)
  YESTERDAY        0.59          1.08 1901   0.11   0.48     0.00
  MONTH TO DATE    2.91                      2.50   0.41     1.94
  SINCE MAR 1      6.96                      5.79   1.17     3.89
  SINCE JAN 1     10.36                     11.02  -0.66     7.93

DEGREE DAYS
 HEATING
  YESTERDAY        8                        16     -8       14
  MONTH TO DATE  267                       395   -128      356
  SINCE MAR 1   1248                      1308    -60     1452
  SINCE JUL 1   6437                      6187    250     6780

 COOLING
  YESTERDAY        0                         0      0        0
  MONTH TO DATE    0                         0      0        4
  SINCE MAR 1      0                         0      0        4
  SINCE JAN 1      0                         0      0        4
..................................................................


WIND (MPH)
  HIGHEST WIND SPEED    29   HIGHEST WIND DIRECTION     W (250)
  HIGHEST GUST SPEED    41   HIGHEST GUST DIRECTION    SW (240)
  AVERAGE WIND SPEED    12.3


SKY COVER
  POSSIBLE SUNSHINE  MM
  AVERAGE SKY COVER 0.9


WEATHER CONDITIONS
 THE FOLLOWING WEATHER WAS RECORDED YESTERDAY.
  THUNDERSTORM
  HEAVY RAIN
  RAIN
  LIGHT RAIN
  FOG


RELATIVE HUMIDITY (PERCENT)
 HIGHEST    93           400 AM
 LOWEST     48           600 PM
 AVERAGE    71

..........................................................


THE JOHNSTOWN CLIMATE NORMALS FOR TODAY
                         NORMAL    RECORD    YEAR
 MAXIMUM TEMPERATURE (F)   59        90      1954
 MINIMUM TEMPERATURE (F)   40        24      1897


SUNRISE AND SUNSET
APRIL 21 2015.........SUNRISE   629 AM EDT   SUNSET   800 PM EDT
APRIL 22 2015.........SUNRISE   627 AM EDT   SUNSET   801 PM EDT


-  INDICATES NEGATIVE NUMBERS.
R  INDICATES RECORD WAS SET OR TIED.
MM INDICATES DATA IS MISSING.
T  INDICATES TRACE AMOUNT.




$$
