000
CDUS46 KLOX 180903
CLILAX


CLIMATE REPORT
NATIONAL WEATHER SERVICE LOS ANGELES/OXNARD CA
203 AM PDT SAT APR 18 2015


...................................

...THE LOS ANGELES INTL AIRPORT CA CLIMATE SUMMARY FOR APRIL 17 2015...

CLIMATE NORMAL PERIOD 1981 TO 2010
CLIMATE RECORD PERIOD 1944 TO 2015


WEATHER ITEM   OBSERVED TIME   RECORD YEAR NORMAL DEPARTURE LAST
                VALUE   (LST)  VALUE       VALUE  FROM      YEAR
                                                  NORMAL
..................................................................
TEMPERATURE (F)
 YESTERDAY
  MAXIMUM         74    947 AM  87    1999  67      7       69
  MINIMUM         56    538 AM  44    1976  54      2       58
  AVERAGE         65                        60      5       64

PRECIPITATION (IN)
  YESTERDAY        0.00          1.32 2000   0.02  -0.02     0.00
  MONTH TO DATE    0.10                      0.47  -0.37     0.17
  SINCE OCT 1      6.81                     12.00  -5.19     4.33
  SINCE JAN 1      2.11                      8.28  -6.17     3.32

SNOWFALL (IN)
  YESTERDAY        0.0
  MONTH TO DATE    0.0
  SINCE MAR 1      0.0
  SINCE JUL 1      0.0

DEGREE DAYS
 HEATING
  YESTERDAY        0                         5     -5        1
  MONTH TO DATE   56                        98    -42       70
  SINCE MAR 1    131                       319   -188      160
  SINCE JUL 1    664                      1248   -584      715

 COOLING
  YESTERDAY        0                         0      0        0
  MONTH TO DATE   10                         0     10        8
  SINCE MAR 1     78                         6     72       27
  SINCE JAN 1    105                        15     90       43
..................................................................


WIND (MPH)
  HIGHEST WIND SPEED    26   HIGHEST WIND DIRECTION     W (250)
  HIGHEST GUST SPEED    33   HIGHEST GUST DIRECTION    SW (240)
  AVERAGE WIND SPEED     9.8


SKY COVER
  POSSIBLE SUNSHINE  MM
  AVERAGE SKY COVER 0.0


WEATHER CONDITIONS
 THE FOLLOWING WEATHER WAS RECORDED YESTERDAY.
  NO SIGNIFICANT WEATHER WAS OBSERVED.


RELATIVE HUMIDITY (PERCENT)
 HIGHEST    64          1100 PM
 LOWEST     17           900 AM
 AVERAGE    41

..........................................................


THE LOS ANGELES INTL AIRPORT CA CLIMATE NORMALS FOR TODAY
                         NORMAL    RECORD    YEAR
 MAXIMUM TEMPERATURE (F)   67        78      1999
 MINIMUM TEMPERATURE (F)   54        44      1963


SUNRISE AND SUNSET
APRIL 18 2015.........SUNRISE   619 AM PDT   SUNSET   727 PM PDT
APRIL 19 2015.........SUNRISE   618 AM PDT   SUNSET   728 PM PDT


-  INDICATES NEGATIVE NUMBERS.
R  INDICATES RECORD WAS SET OR TIED.
MM INDICATES DATA IS MISSING.
T  INDICATES TRACE AMOUNT.




$$
