000
CDUS44 KLCH 250851
CLILCH


CLIMATE REPORT
NATIONAL WEATHER SERVICE LAKE CHARLES, LA
351 AM CDT SAT APR 25 2015


...................................

...THE LAKE CHARLES CLIMATE SUMMARY FOR APRIL 24 2015...

CLIMATE NORMAL PERIOD 1981 TO 2010
CLIMATE RECORD PERIOD 1895 TO 2015


WEATHER ITEM   OBSERVED TIME   RECORD YEAR NORMAL DEPARTURE LAST
                VALUE   (LST)  VALUE       VALUE  FROM      YEAR
                                                  NORMAL
..................................................................
TEMPERATURE (F)
 YESTERDAY
  MAXIMUM         84    222 PM  88    1958  80      4       80
  MINIMUM         71    421 AM  37    1910  61     10       60
  AVERAGE         78                        70      8       70

PRECIPITATION (IN)
  YESTERDAY        T             5.08 1953   0.12  -0.12     0.00
  MONTH TO DATE   10.08                      2.62   7.46     0.81
  SINCE MAR 1     16.29                      6.28  10.01     2.88
  SINCE JAN 1     24.77                     14.97   9.80     9.67

SNOWFALL (IN)
  YESTERDAY        0.0           0.0    MM   0.0    0.0      0.0
  MONTH TO DATE    0.0                       0.0    0.0      0.0
  SINCE MAR 1      T                         0.0    0.0      0.0
  SINCE JUL 1      T                         0.1   -0.1      0.1
  SNOW DEPTH       0

DEGREE DAYS
 HEATING
  YESTERDAY        0                         1     -1        0
  MONTH TO DATE    1                        43    -42       49
  SINCE MAR 1    102                       205   -103      299
  SINCE JUL 1   1540                      1487     53     1950

 COOLING
  YESTERDAY       13                         6      7        5
  MONTH TO DATE  160                        99     61       79
  SINCE MAR 1    217                       148     69       92
  SINCE JAN 1    223                       171     52      107
..................................................................


WIND (MPH)
  HIGHEST WIND SPEED    18   HIGHEST WIND DIRECTION    SE (140)
  HIGHEST GUST SPEED    25   HIGHEST GUST DIRECTION     S (160)
  AVERAGE WIND SPEED     8.3


SKY COVER
  POSSIBLE SUNSHINE  MM
  AVERAGE SKY COVER 0.8


WEATHER CONDITIONS
 THE FOLLOWING WEATHER WAS RECORDED YESTERDAY.
  LIGHT RAIN
  FOG
  HAZE


RELATIVE HUMIDITY (PERCENT)
 HIGHEST   100           700 AM
 LOWEST     70           200 PM
 AVERAGE    85

..........................................................


THE LAKE CHARLES CLIMATE NORMALS FOR TODAY
                         NORMAL    RECORD    YEAR
 MAXIMUM TEMPERATURE (F)   80        89      1999
                                             1908
 MINIMUM TEMPERATURE (F)   61        33      1910


SUNRISE AND SUNSET
APRIL 25 2015.........SUNRISE   636 AM CDT   SUNSET   746 PM CDT
APRIL 26 2015.........SUNRISE   635 AM CDT   SUNSET   747 PM CDT


-  INDICATES NEGATIVE NUMBERS.
R  INDICATES RECORD WAS SET OR TIED.
MM INDICATES DATA IS MISSING.
T  INDICATES TRACE AMOUNT.




$$
