000
CDUS44 KSHV 242134
CLILFK


CLIMATE REPORT
NATIONAL WEATHER SERVICE SHREVEPORT, LA
431 PM CDT FRI APR 24 2015


...................................

...THE LUFKIN CLIMATE SUMMARY FOR APRIL 24 2015...
VALID TODAY AS OF 0400 PM LOCAL TIME.

CLIMATE NORMAL PERIOD 1981 TO 2010
CLIMATE RECORD PERIOD 1906 TO 2015


WEATHER ITEM   OBSERVED TIME   RECORD YEAR NORMAL DEPARTURE LAST
                VALUE   (LST)  VALUE       VALUE  FROM      YEAR
                                                  NORMAL
..................................................................
TEMPERATURE (F)
 TODAY
  MAXIMUM         82    145 PM  90    2011  80      2       84
                                      1932
  MINIMUM         72   1033 AM  41    2005  57     15       68
  AVERAGE         77                        69      8       76

PRECIPITATION (IN)
  TODAY            0.26          1.85 1966   0.11   0.15     0.01
  MONTH TO DATE    3.59                      2.40   1.19     2.77
  SINCE DEC 1     20.63                     18.67   1.96    10.35
  SINCE JAN 1     18.58                     14.23   4.35     8.14

SNOWFALL (IN)
  TODAY            0.0
  MONTH TO DATE    0.0
  SINCE MAR 1      0.0
  SINCE JUL 1      T
  SNOW DEPTH       0

DEGREE DAYS
 HEATING
  TODAY            0                         1     -1        0
  MONTH TO DATE    6                        64    -58       56
  SINCE MAR 1    168                       274   -106      306
  SINCE JUL 1   1688                      1908   -220     2109

 COOLING
  TODAY           12                         5      7       11
  MONTH TO DATE  199                        85    114      107
  SINCE MAR 1    258                       126    132      124
  SINCE JAN 1    264                       145    119      142
..................................................................


WIND (MPH)
  HIGHEST WIND SPEED    21   HIGHEST WIND DIRECTION    SE (130)
  HIGHEST GUST SPEED    27   HIGHEST GUST DIRECTION    SE (150)
  AVERAGE WIND SPEED     7.8


SKY COVER
  POSSIBLE SUNSHINE  MM
  AVERAGE SKY COVER 0.8


WEATHER CONDITIONS
 THE FOLLOWING WEATHER WAS RECORDED TODAY.
  THUNDERSTORM
  HEAVY RAIN
  RAIN
  LIGHT RAIN
  FOG
  HAZE


RELATIVE HUMIDITY (PERCENT)
 HIGHEST    90           900 AM
 LOWEST     62          1200 PM
 AVERAGE    76

..........................................................


THE LUFKIN CLIMATE NORMALS FOR TOMORROW
                         NORMAL    RECORD    YEAR
 MAXIMUM TEMPERATURE (F)   80        91      1975
 MINIMUM TEMPERATURE (F)   58        32      1910


SUNRISE AND SUNSET
APRIL 24 2015.........SUNRISE   641 AM CDT   SUNSET   753 PM CDT
APRIL 25 2015.........SUNRISE   640 AM CDT   SUNSET   754 PM CDT


-  INDICATES NEGATIVE NUMBERS.
R  INDICATES RECORD WAS SET OR TIED.
MM INDICATES DATA IS MISSING.
T  INDICATES TRACE AMOUNT.




$$
