000
CDUS44 KLCH 260856
CLILFT


CLIMATE REPORT
NATIONAL WEATHER SERVICE LAKE CHARLES, LA
356 AM CDT SUN APR 26 2015


...................................

...THE LAFAYETTE CLIMATE SUMMARY FOR APRIL 25 2015...

CLIMATE NORMAL PERIOD 1981 TO 2010
CLIMATE RECORD PERIOD 1893 TO 2015


WEATHER ITEM   OBSERVED TIME   RECORD YEAR NORMAL DEPARTURE LAST
                VALUE   (LST)  VALUE       VALUE  FROM      YEAR
                                                  NORMAL
..................................................................
TEMPERATURE (F)
 YESTERDAY
  MAXIMUM         79    526 PM  92    1925  82     -3       87
  MINIMUM         67   1033 AM  45    1968  61      6       67
  AVERAGE         73                        71      2       77

PRECIPITATION (IN)
  YESTERDAY        1.20          5.07 1905   0.13   1.07     0.01
  MONTH TO DATE    8.59                      3.22   5.37     1.90
  SINCE MAR 1     12.51                      7.01   5.50     4.75
  SINCE JAN 1     19.61                     17.13   2.48    12.00

SNOWFALL (IN)
  YESTERDAY        0.0           0.0    MM   0.0    0.0      0.0
  MONTH TO DATE    0.0                       0.0    0.0      0.0
  SINCE MAR 1      T                         0.0    0.0      0.0
  SINCE JUL 1      T                         T      0.0      0.8
  SNOW DEPTH       0

DEGREE DAYS
 HEATING
  YESTERDAY        0                         0      0        0
  MONTH TO DATE    2                        38    -36       54
  SINCE MAR 1     85                       188   -103      289
  SINCE JUL 1   1528                      1418    110     1949

 COOLING
  YESTERDAY        8                         7      1       12
  MONTH TO DATE  185                       122     63       88
  SINCE MAR 1    275                       185     90      112
  SINCE JAN 1    280                       217     63      126
..................................................................


WIND (MPH)
  HIGHEST WIND SPEED    23   HIGHEST WIND DIRECTION    NW (330)
  HIGHEST GUST SPEED    27   HIGHEST GUST DIRECTION    NW (320)
  AVERAGE WIND SPEED     7.2


SKY COVER
  POSSIBLE SUNSHINE  MM
  AVERAGE SKY COVER 0.4


WEATHER CONDITIONS
 THE FOLLOWING WEATHER WAS RECORDED YESTERDAY.
  THUNDERSTORM
  HEAVY RAIN
  RAIN
  LIGHT RAIN
  FOG


RELATIVE HUMIDITY (PERCENT)
 HIGHEST   100           400 AM
 LOWEST     71           500 PM
 AVERAGE    86

..........................................................


THE LAFAYETTE CLIMATE NORMALS FOR TODAY
                         NORMAL    RECORD    YEAR
 MAXIMUM TEMPERATURE (F)   82        92      1925
 MINIMUM TEMPERATURE (F)   62        41      1910


SUNRISE AND SUNSET
APRIL 26 2015.........SUNRISE   630 AM CDT   SUNSET   742 PM CDT
APRIL 27 2015.........SUNRISE   629 AM CDT   SUNSET   743 PM CDT


-  INDICATES NEGATIVE NUMBERS.
R  INDICATES RECORD WAS SET OR TIED.
MM INDICATES DATA IS MISSING.
T  INDICATES TRACE AMOUNT.




$$
