000
CDUS45 KRIW 190739
CLILND


CLIMATE REPORT
NATIONAL WEATHER SERVICE RIVERTON WY
139 AM MDT SUN APR 19 2015


...................................

...THE LANDER WY CLIMATE SUMMARY FOR APRIL 18 2015...

CLIMATE NORMAL PERIOD 1981 TO 2010
CLIMATE RECORD PERIOD 1891 TO 2015


WEATHER ITEM   OBSERVED TIME   RECORD YEAR NORMAL DEPARTURE LAST
                VALUE   (LST)  VALUE       VALUE  FROM      YEAR
                                                  NORMAL
..................................................................
TEMPERATURE (F)
 YESTERDAY
  MAXIMUM         62    331 PM  78    1994  57      5       71
  MINIMUM         31    449 AM   7    1945  32     -1       39
  AVERAGE         47                        44      3       55

PRECIPITATION (IN)
  YESTERDAY        0.01          1.17 1966   0.07  -0.06      T
  MONTH TO DATE    1.83                      1.04   0.79     0.59
  SINCE MAR 1      2.38                      2.20   0.18     1.77
  SINCE JAN 1      3.94                      3.19   0.75     2.57

SNOWFALL (IN)
  YESTERDAY        T                         0.6   -0.6      0.0
  MONTH TO DATE   10.3                      10.6   -0.3      4.3
  SINCE MAR 1     19.2                      26.7   -7.5     18.2
  SINCE JUL 1     73.1                      80.3   -7.2     73.5
  SNOW DEPTH       0

DEGREE DAYS
 HEATING
  YESTERDAY       18                        21     -3       10
  MONTH TO DATE  397                       412    -15      398
  SINCE MAR 1   1162                      1327   -165     1293
  SINCE JUL 1   6286                      7031   -745     7029

 COOLING
  YESTERDAY        0                         0      0        0
  MONTH TO DATE    0                         0      0        0
  SINCE MAR 1      0                         0      0        0
  SINCE JAN 1      0                         0      0        0
..................................................................


WIND (MPH)
  HIGHEST WIND SPEED    30   HIGHEST WIND DIRECTION     N (10)
  HIGHEST GUST SPEED    37   HIGHEST GUST DIRECTION     N (10)
  AVERAGE WIND SPEED    11.3


SKY COVER
  POSSIBLE SUNSHINE  MM
  AVERAGE SKY COVER 0.4


WEATHER CONDITIONS
 THE FOLLOWING WEATHER WAS RECORDED YESTERDAY.
  LIGHT RAIN
  FOG


RELATIVE HUMIDITY (PERCENT)
 HIGHEST    92           300 AM
 LOWEST     25           200 PM
 AVERAGE    59

..........................................................


THE LANDER WY CLIMATE NORMALS FOR TODAY
                         NORMAL    RECORD    YEAR
 MAXIMUM TEMPERATURE (F)   57        82      1962
 MINIMUM TEMPERATURE (F)   32         2      1893


SUNRISE AND SUNSET
APRIL 19 2015.........SUNRISE   627 AM MDT   SUNSET   802 PM MDT
APRIL 20 2015.........SUNRISE   626 AM MDT   SUNSET   803 PM MDT


-  INDICATES NEGATIVE NUMBERS.
R  INDICATES RECORD WAS SET OR TIED.
MM INDICATES DATA IS MISSING.
T  INDICATES TRACE AMOUNT.




$$
