000
CDUS43 KLOT 070635
CLILOT


CLIMATE REPORT
NATIONAL WEATHER SERVICE CHICAGO IL
134 AM CDT THU MAY 7 2015


...................................

...THE ROMEOVILLE  WFO CLIMATE SUMMARY FOR MAY 6 2015...

CLIMATE NORMAL PERIOD 1981 TO 2010
CLIMATE RECORD PERIOD 1992 TO 2015


WEATHER ITEM   OBSERVED RECORD YEAR NORMAL DEPARTURE LAST
                VALUE   VALUE       VALUE  FROM      YEAR
                                           NORMAL
...........................................................
TEMPERATURE (F)
 YESTERDAY
  MAXIMUM         83     86    2004  68     15       66
                               2000
  MINIMUM         50     30    1992  47      3       42
  AVERAGE         67                 57     10       54

PRECIPITATION (IN)
  YESTERDAY        0.00   1.74 1998   0.14  -0.14      T
  MONTH TO DATE    0.88               0.86   0.02     0.14
  SINCE MAR 1      5.13               7.59  -2.46     6.06
  SINCE JAN 1      7.97              11.30  -3.33    10.92

DEGREE DAYS
 HEATING
  YESTERDAY        0                  8     -8
  MONTH TO DATE   20                 54    -34
  SINCE MAR 1   1339               1320     19
  SINCE JUL 1   6584               6048    536

 COOLING
  YESTERDAY        2                  1      1
  MONTH TO DATE    6                  4      2
  SINCE MAR 1      6                  9     -3
  SINCE JAN 1      6                  9     -3
...........................................................







THE ROMEOVILLE  WFO CLIMATE NORMALS FOR TODAY
                         NORMAL    RECORD    YEAR
 MAXIMUM TEMPERATURE (F)   69        85      2007
 MINIMUM TEMPERATURE (F)   47        34      1992


SUNRISE AND SUNSET
MAY  7 2015...........SUNRISE   542 AM CDT   SUNSET   756 PM CDT
MAY  8 2015...........SUNRISE   541 AM CDT   SUNSET   758 PM CDT


-  INDICATES NEGATIVE NUMBERS.
R  INDICATES RECORD WAS SET OR TIED.
MM INDICATES DATA IS MISSING.
T  INDICATES TRACE AMOUNT.




$$
