000
CDUS46 KOTX 180428
CLILWS


CLIMATE REPORT
NATIONAL WEATHER SERVICE SPOKANE, WA
928 PM PDT FRI APR 17 2015


...................................

...THE LEWISTON ID AIRPORT CLIMATE SUMMARY FOR APRIL 17 2015...
VALID TODAY AS OF 0800 PM LOCAL TIME.

CLIMATE NORMAL PERIOD 1981 TO 2010
CLIMATE RECORD PERIOD 1881 TO 2015


WEATHER ITEM   OBSERVED TIME   RECORD YEAR NORMAL DEPARTURE LAST
                VALUE   (LST)  VALUE       VALUE  FROM      YEAR
                                                  NORMAL
..................................................................
TEMPERATURE (F)
 TODAY
  MAXIMUM         73    335 PM  90    1936  63     10       54
  MINIMUM         39    457 AM  25    1964  40     -1       47
  AVERAGE         56                        51      5       51

PRECIPITATION (IN)
  TODAY            0.00          0.61 1947   0.05  -0.05     0.25
  MONTH TO DATE    0.24                      0.71  -0.47     0.45
  SINCE OCT 1      7.90                      6.83   1.07     5.75
  SINCE JAN 1      3.71                      3.72  -0.01     4.22

DEGREE DAYS
 HEATING
  TODAY            9                        14     -5       14
  MONTH TO DATE  274                       256     18      225
  SINCE MAR 1    763                       868   -105      822
  SINCE JUL 1   3985                      4723   -738     4983

 COOLING
  TODAY            0                         0      0        0
  MONTH TO DATE    0                         0      0        0
  SINCE MAR 1      0                         0      0        0
  SINCE JAN 1      0                         0      0        0
..................................................................


WIND (MPH)
  HIGHEST WIND SPEED    16   HIGHEST WIND DIRECTION     W (280)
  HIGHEST GUST SPEED    22   HIGHEST GUST DIRECTION    NW (300)
  AVERAGE WIND SPEED     3.8


SKY COVER
  POSSIBLE SUNSHINE  MM
  AVERAGE SKY COVER 0.0


WEATHER CONDITIONS
 THE FOLLOWING WEATHER WAS RECORDED TODAY.
  NO SIGNIFICANT WEATHER WAS OBSERVED.


RELATIVE HUMIDITY (PERCENT)
 HIGHEST    85           600 AM
 LOWEST     25           400 PM
 AVERAGE    55

..........................................................


THE LEWISTON ID AIRPORT CLIMATE NORMALS FOR TOMORROW
                         NORMAL    RECORD    YEAR
 MAXIMUM TEMPERATURE (F)   63        90      1910
                                             1897
 MINIMUM TEMPERATURE (F)   40        26      1964


SUNRISE AND SUNSET
APRIL 17 2015.........SUNRISE   558 AM PDT   SUNSET   738 PM PDT
APRIL 18 2015.........SUNRISE   556 AM PDT   SUNSET   740 PM PDT


-  INDICATES NEGATIVE NUMBERS.
R  INDICATES RECORD WAS SET OR TIED.
MM INDICATES DATA IS MISSING.
T  INDICATES TRACE AMOUNT.




$$
