000
CDUS46 KHNX 270021
CLIMAE


CLIMATE REPORT
NATIONAL WEATHER SERVICE SAN JOAQUIN VALLEY, CA
521 PM PDT SUN APR 26 2015


...................................

...THE MADERA CA CLIMATE SUMMARY FOR APRIL 26 2015...
VALID AS OF 0500 PM LOCAL TIME.

CLIMATE NORMAL PERIOD 1981 TO 2010
CLIMATE RECORD PERIOD 1998 TO 2015


WEATHER ITEM   OBSERVED TIME   RECORD YEAR NORMAL DEPARTURE LAST
                VALUE   (LST)  VALUE       VALUE  FROM      YEAR
                                                  NORMAL
..................................................................
TEMPERATURE (F)
 TODAY
  MAXIMUM         76    359 PM  97    2004  78     -2       66
  MINIMUM         46    511 AM  41    2009  47     -1       47
  AVERAGE         61                        62     -1       57

PRECIPITATION (IN)
  TODAY            0.00          0.06 2002   0.04  -0.04      T
  MONTH TO DATE    1.00                      0.85   0.15     0.56
  SINCE OCT 1      5.26                     10.96  -5.70     4.30
  SINCE JAN 1      1.58                      7.23  -5.65     3.61

SNOWFALL (IN)
  TODAY            0.0
  MONTH TO DATE    0.0
  SINCE MAR 1      0.0
  SINCE JUL 1      0.0
  SNOW DEPTH       0

DEGREE DAYS
 HEATING
  TODAY            4                                         8
  MONTH TO DATE  119                                        94
  SINCE MAR 1    249                                       284
  SINCE JUL 1   1699                                      2111

 COOLING
  TODAY            0                                         0
  MONTH TO DATE   20                                        47
  SINCE MAR 1     50                                        47
  SINCE JAN 1     52                                        47
..................................................................


WIND (MPH)
  HIGHEST WIND SPEED    20   HIGHEST WIND DIRECTION    NW (330)
  HIGHEST GUST SPEED    25   HIGHEST GUST DIRECTION    NW (320)
  AVERAGE WIND SPEED     8.2




RELATIVE HUMIDITY (PERCENT)
 HIGHEST    82
 LOWEST     33
 AVERAGE    58

..........................................................


THE MADERA CA CLIMATE NORMALS FOR TOMORROW
                         NORMAL    RECORD    YEAR
 MAXIMUM TEMPERATURE (F)   78        98      2004
 MINIMUM TEMPERATURE (F)   47        41      2012
                                             2011


SUNRISE AND SUNSET
APRIL 26 2015.........SUNRISE   612 AM PDT   SUNSET   745 PM PDT
APRIL 27 2015.........SUNRISE   611 AM PDT   SUNSET   746 PM PDT


-  INDICATES NEGATIVE NUMBERS.
R  INDICATES RECORD WAS SET OR TIED.
MM INDICATES DATA IS MISSING.
T  INDICATES TRACE AMOUNT.




$$
