000
CDUS42 KFFC 280829
CLIMCN


CLIMATE REPORT
NATIONAL WEATHER SERVICE PEACHTREE CITY GA
429 AM EDT TUE APR 28 2015


...................................

...THE MACON CLIMATE SUMMARY FOR APRIL 27 2015...

CLIMATE NORMAL PERIOD 1981 TO 2010
CLIMATE RECORD PERIOD 1899 TO 2015


WEATHER ITEM   OBSERVED TIME   RECORD YEAR NORMAL DEPARTURE LAST
                VALUE   (LST)  VALUE       VALUE  FROM      YEAR
                                                  NORMAL
..................................................................
TEMPERATURE (F)
 YESTERDAY
  MAXIMUM         75    331 PM  96    1986  80     -5       84
  MINIMUM         56   1140 PM  37    1972  53      3       52
  AVERAGE         66                        66      0       68

PRECIPITATION (IN)
  YESTERDAY        0.00          1.27 1964   0.08  -0.08     0.00
  MONTH TO DATE    5.68                      2.71   2.97     6.48
  SINCE MAR 1      7.96                      7.26   0.70    10.41
  SINCE JAN 1     14.76                     15.86  -1.10    18.24

DEGREE DAYS
 HEATING
  YESTERDAY        0                         2     -2        0
  MONTH TO DATE   31                       106    -75      104
  SINCE MAR 1    239                       378   -139      475
  SINCE JUL 1   2452                      2303    149     2608

 COOLING
  YESTERDAY        1                         3     -2        3
  MONTH TO DATE  112                        52     60       35
  SINCE MAR 1    124                        70     54       35
  SINCE JAN 1    124                        73     51       36
..................................................................


WIND (MPH)
  RESULTANT WIND SPEED   3   RESULTANT WIND DIRECTION   N (0)
  HIGHEST WIND SPEED    13   HIGHEST WIND DIRECTION     N (10)
  HIGHEST GUST SPEED    16   HIGHEST GUST DIRECTION     N (20)
  AVERAGE WIND SPEED     4.5


SKY COVER
  AVERAGE SKY COVER 0.1


WEATHER CONDITIONS
 THE FOLLOWING WEATHER WAS RECORDED YESTERDAY.
  FOG


RELATIVE HUMIDITY (PERCENT)
 HIGHEST    84           800 PM
 LOWEST     44           400 PM
 AVERAGE    64

..........................................................


THE MACON CLIMATE NORMALS FOR TODAY
                         NORMAL    RECORD    YEAR
 MAXIMUM TEMPERATURE (F)   80        92      1989
 MINIMUM TEMPERATURE (F)   53        40      2005
                                             1967


SUNRISE AND SUNSET
APRIL 28 2015.........SUNRISE   651 AM EDT   SUNSET   814 PM EDT
APRIL 29 2015.........SUNRISE   650 AM EDT   SUNSET   815 PM EDT


-  INDICATES NEGATIVE NUMBERS.
R  INDICATES RECORD WAS SET OR TIED.
MM INDICATES DATA IS MISSING.
T  INDICATES TRACE AMOUNT.




$$
