000
CDUS44 KJAN 260838
CLIMEI


CLIMATE REPORT
NATIONAL WEATHER SERVICE JACKSON MS
336 AM CDT SUN APR 26 2015


...................................

...THE MERIDIAN CLIMATE SUMMARY FOR APRIL 25 2015...

CLIMATE NORMAL PERIOD 1981 TO 2010
CLIMATE RECORD PERIOD 1889 TO 2015


WEATHER ITEM   OBSERVED TIME   RECORD YEAR NORMAL DEPARTURE LAST
                VALUE   (LST)  VALUE       VALUE  FROM      YEAR
                                                  NORMAL
..................................................................
TEMPERATURE (F)
 YESTERDAY
  MAXIMUM         80   1148 AM  87    1957  78      2       80
                                      1954
                                      1945
  MINIMUM         61   1159 PM  32    1910  52      9       55
  AVERAGE         71                        65      6       68

PRECIPITATION (IN)
  YESTERDAY        0.45          3.31 1909   0.15   0.30     0.01
  MONTH TO DATE    5.15                      4.04   1.11     9.91
  SINCE MAR 1     10.06                      9.46   0.60    15.65
  SINCE JAN 1     20.90                     20.19   0.71    25.00

SNOWFALL (IN)
  YESTERDAY        0.0           0.0    MM   0.0    0.0      0.0
  MONTH TO DATE    0.0                       0.1   -0.1      0.0
  SINCE MAR 1      T                         0.3   -0.3      0.0
  SINCE JUL 1      T                         0.6   -0.6      2.5

DEGREE DAYS
 HEATING
  YESTERDAY        0                         3     -3        0
  MONTH TO DATE   32                       120    -88      116
  SINCE MAR 1    242                       427   -185      465
  SINCE JUL 1   2483                      2524    -41     2841

 COOLING
  YESTERDAY        6                         3      3        3
  MONTH TO DATE  106                        43     63       26
  SINCE MAR 1    133                        60     73       28
  SINCE JAN 1    133                        67     66       35
..................................................................


WIND (MPH)
  HIGHEST WIND SPEED    28   HIGHEST WIND DIRECTION     S (170)
  HIGHEST GUST SPEED    35   HIGHEST GUST DIRECTION     S (170)
  AVERAGE WIND SPEED     9.7


SKY COVER
  POSSIBLE SUNSHINE  MM
  AVERAGE SKY COVER 0.5


WEATHER CONDITIONS
 THE FOLLOWING WEATHER WAS RECORDED YESTERDAY.
  THUNDERSTORM
  HEAVY RAIN
  LIGHT RAIN
  FOG


RELATIVE HUMIDITY (PERCENT)
 HIGHEST   100           500 AM
 LOWEST     60           500 PM
 AVERAGE    80

..........................................................


THE MERIDIAN CLIMATE NORMALS FOR TODAY
                         NORMAL    RECORD    YEAR
 MAXIMUM TEMPERATURE (F)   79        89      1989
 MINIMUM TEMPERATURE (F)   52        34      1910


SUNRISE AND SUNSET
APRIL 26 2015.........SUNRISE   614 AM CDT   SUNSET   732 PM CDT
APRIL 27 2015.........SUNRISE   613 AM CDT   SUNSET   733 PM CDT


-  INDICATES NEGATIVE NUMBERS.
R  INDICATES RECORD WAS SET OR TIED.
MM INDICATES DATA IS MISSING.
T  INDICATES TRACE AMOUNT.




$$
