000
CDUS44 KMEG 060639
CLIMEM


CLIMATE REPORT
NATIONAL WEATHER SERVICE MEMPHIS TN
139 AM CDT WED MAY 6 2015


...................................

...THE MEMPHIS CLIMATE SUMMARY FOR MAY 5 2015...

CLIMATE NORMAL PERIOD 1981 TO 2010
CLIMATE RECORD PERIOD 1872 TO 2015


WEATHER ITEM   OBSERVED TIME   RECORD YEAR NORMAL DEPARTURE LAST
                VALUE   (LST)  VALUE       VALUE  FROM      YEAR
                                                  NORMAL
..................................................................
TEMPERATURE (F)
 YESTERDAY
  MAXIMUM         87    243 PM  94    1955  78      9       86
                                      1952
  MINIMUM         65    437 AM  42    1954  59      6       63
  AVERAGE         76                        69      7       75

PRECIPITATION (IN)
  YESTERDAY        0.00          3.18 1999   0.19  -0.19     0.00
  MONTH TO DATE    0.00                      0.94  -0.94     0.00
  SINCE MAR 1      8.55                     11.60  -3.05    13.52
  SINCE JAN 1     14.20                     19.97  -5.77    21.64

SNOWFALL (IN)
  YESTERDAY        0.0          MM      MM   0.0    0.0      0.0
  MONTH TO DATE    0.0                       0.0    0.0      0.0
  SINCE MAR 1      3.6                       0.4    3.2      0.5
  SINCE JUL 1      6.1                       3.8    2.3      0.8
  SNOW DEPTH       0

DEGREE DAYS
 HEATING
  YESTERDAY        0                         1     -1        0
  MONTH TO DATE    3                         6     -3       14
  SINCE MAR 1    451                       501    -50      623
  SINCE JUL 1   3174                      2951    223     3449

 COOLING
  YESTERDAY       11                         5      6       10
  MONTH TO DATE   23                        22      1       19
  SINCE MAR 1    113                       114     -1       75
  SINCE JAN 1    113                       117     -4       75
..................................................................


WIND (MPH)
  HIGHEST WIND SPEED    18   HIGHEST WIND DIRECTION     S (190)
  HIGHEST GUST SPEED    25   HIGHEST GUST DIRECTION     S (200)
  AVERAGE WIND SPEED     8.2


SKY COVER
  POSSIBLE SUNSHINE  MM
  AVERAGE SKY COVER 0.4


WEATHER CONDITIONS
 THE FOLLOWING WEATHER WAS RECORDED YESTERDAY.
  NO SIGNIFICANT WEATHER WAS OBSERVED.


RELATIVE HUMIDITY (PERCENT)
 HIGHEST    68           500 AM
 LOWEST     32           200 PM
 AVERAGE    50

..........................................................


THE MEMPHIS CLIMATE NORMALS FOR TODAY
                         NORMAL    RECORD    YEAR
 MAXIMUM TEMPERATURE (F)   79        95      1952
 MINIMUM TEMPERATURE (F)   59        41      1944


SUNRISE AND SUNSET
MAY  6 2015...........SUNRISE   604 AM CDT   SUNSET   749 PM CDT
MAY  7 2015...........SUNRISE   603 AM CDT   SUNSET   750 PM CDT


-  INDICATES NEGATIVE NUMBERS.
R  INDICATES RECORD WAS SET OR TIED.
MM INDICATES DATA IS MISSING.
T  INDICATES TRACE AMOUNT.




$$
