000
CDUS46 KMFR 041203
CLIMFR

CLIMATE REPORT
NATIONAL WEATHER SERVICE MEDFORD, OR
500 AM PDT MON MAY 4 2015


...................................

...THE MEDFORD OR CLIMATE SUMMARY FOR MAY 3 2015...

CLIMATE NORMAL PERIOD 1981 TO 2010
CLIMATE RECORD PERIOD 1911 TO 2015


WEATHER ITEM   OBSERVED TIME   RECORD YEAR NORMAL DEPARTURE LAST
                VALUE   (LST)  VALUE       VALUE  FROM      YEAR
                                                  NORMAL
..................................................................
TEMPERATURE (F)
 YESTERDAY
  MAXIMUM         84    402 PM  95    1992  70     14       70
  MINIMUM         42    424 AM  31    1928  44     -2       52
                                      1920
  AVERAGE         63                        57      6       61

PRECIPITATION (IN)
  YESTERDAY        0.00          0.90 2009   0.04  -0.04     0.00
  MONTH TO DATE    0.00                      0.13  -0.13     0.00
  SINCE OCT 1     13.35                     15.30  -1.95    11.33
  SINCE JAN 1      6.50                      7.66  -1.16     9.65

SNOWFALL (IN)
  YESTERDAY        0.0                       0.0    0.0      0.0
  MONTH TO DATE    0.0                       0.0    0.0      0.0
  SINCE JUL 1      T                         4.1   -4.1      3.4
  SNOW DEPTH       0

DEGREE DAYS
 HEATING
  YESTERDAY        2                         9     -7        4
  MONTH TO DATE    2                        27    -25        4
  SINCE MAR 1    691                       912   -221      684
  SINCE JUL 1   3131                      4026   -895     4054

 COOLING
  YESTERDAY        0                         1     -1        0
  MONTH TO DATE    1                         2     -1        5
  SINCE MAR 1      1                         5     -4        9
  SINCE JAN 1      1                         5     -4        9
..................................................................


WIND (MPH)
  HIGHEST WIND SPEED    16   HIGHEST WIND DIRECTION    NW (320)
  HIGHEST GUST SPEED    19   HIGHEST GUST DIRECTION    NW (320)
  AVERAGE WIND SPEED     3.5


SKY COVER
  POSSIBLE SUNSHINE  MM
  AVERAGE SKY COVER 0.0


WEATHER CONDITIONS
 THE FOLLOWING WEATHER WAS RECORDED YESTERDAY.
  NO SIGNIFICANT WEATHER WAS OBSERVED.


RELATIVE HUMIDITY (PERCENT)
 HIGHEST    70           300 AM
 LOWEST     13           400 PM
 AVERAGE    42

..........................................................


THE MEDFORD OR CLIMATE NORMALS FOR TODAY
                         NORMAL    RECORD    YEAR
 MAXIMUM TEMPERATURE (F)   70        98      1992
 MINIMUM TEMPERATURE (F)   44        28      1996


SUNRISE AND SUNSET
MAY  4 2015...........SUNRISE   603 AM PDT   SUNSET   814 PM PDT
MAY  5 2015...........SUNRISE   602 AM PDT   SUNSET   815 PM PDT


-  INDICATES NEGATIVE NUMBERS.
R  INDICATES RECORD WAS SET OR TIED.
MM INDICATES DATA IS MISSING.
T  INDICATES TRACE AMOUNT.

&&

LOW TEMPERATURE THIS MORNING....48
24-HOUR PRECIPITATION.........NONE

$$
