000
CDUS41 KPBZ 180712
CLIMGW


CLIMATE REPORT
NATIONAL WEATHER SERVICE PITTSBURGH PA
312 AM EDT SAT APR 18 2015


...................................

...THE MORGANTOWN WV CLIMATE SUMMARY FOR APRIL 17 2015...

CLIMATE NORMAL PERIOD 1981 TO 2010
CLIMATE RECORD PERIOD 1948 TO 2015


WEATHER ITEM   OBSERVED TIME   RECORD YEAR NORMAL DEPARTURE LAST
                VALUE   (LST)  VALUE       VALUE  FROM      YEAR
                                                  NORMAL
..................................................................
TEMPERATURE (F)
 YESTERDAY
  MAXIMUM         71    412 PM  89    1976  65      6       66
  MINIMUM         56    422 AM  22    1962  42     14       37
  AVERAGE         64                        53     11       52

PRECIPITATION (IN)
  YESTERDAY        0.14         MM      MM   0.12   0.02     0.00
  MONTH TO DATE    4.32                      1.99   2.33     2.02
  SINCE JUN 1     41.03                     35.69   5.34    38.38
  SINCE JAN 1     14.80                     11.05   3.75     9.95

DEGREE DAYS
 HEATING
  YESTERDAY        1                        12    -11       13
  MONTH TO DATE  147                       249   -102      197
  SINCE MAR 1    909                       961    -52     1060
  SINCE JUL 1   5033                      4850    183     5186

 COOLING
  YESTERDAY        0                         0      0        0
  MONTH TO DATE    8                         0      8       18
  SINCE MAR 1      8                         2      6       18
  SINCE JAN 1      8                         2      6       18
..................................................................


WIND (MPH)
  HIGHEST WIND SPEED    12   HIGHEST WIND DIRECTION     S (200)
  HIGHEST GUST SPEED    16   HIGHEST GUST DIRECTION    SW (210)
  AVERAGE WIND SPEED     3.6


SKY COVER
  POSSIBLE SUNSHINE  MM
  AVERAGE SKY COVER 0.8


WEATHER CONDITIONS
 THE FOLLOWING WEATHER WAS RECORDED YESTERDAY.
  RAIN
  LIGHT RAIN
  FOG
  HAZE


RELATIVE HUMIDITY (PERCENT)
 HIGHEST    86          1000 AM
 LOWEST     57           400 PM
 AVERAGE    72

..........................................................


THE MORGANTOWN WV CLIMATE NORMALS FOR TODAY
                         NORMAL    RECORD    YEAR
 MAXIMUM TEMPERATURE (F)   65        92      1976
 MINIMUM TEMPERATURE (F)   42        26      1951


SUNRISE AND SUNSET
APRIL 18 2015.........SUNRISE   638 AM EDT   SUNSET   800 PM EDT
APRIL 19 2015.........SUNRISE   637 AM EDT   SUNSET   801 PM EDT


-  INDICATES NEGATIVE NUMBERS.
R  INDICATES RECORD WAS SET OR TIED.
MM INDICATES DATA IS MISSING.
T  INDICATES TRACE AMOUNT.




$$
