000
CDUS44 KMEG 280641
CLIMKL


CLIMATE REPORT
NATIONAL WEATHER SERVICE MEMPHIS TN
141 AM CDT TUE APR 28 2015


...................................

...THE JACKSON CLIMATE SUMMARY FOR APRIL 27 2015...

CLIMATE NORMAL PERIOD 1981 TO 2010
CLIMATE RECORD PERIOD 1948 TO 2015


WEATHER ITEM   OBSERVED TIME   RECORD YEAR NORMAL DEPARTURE LAST
                VALUE   (LST)  VALUE       VALUE  FROM      YEAR
                                                  NORMAL
..................................................................
TEMPERATURE (F)
 YESTERDAY
  MAXIMUM         67    353 PM  93    1987  75     -8       72
  MINIMUM         43    529 AM  38    2000  52     -9       65
  AVERAGE         55                        63     -8       69

PRECIPITATION (IN)
  YESTERDAY        0.00          3.22 2011   0.17  -0.17     0.73
  MONTH TO DATE    4.92                      4.35   0.57     3.53
  SINCE MAR 1      9.88                      9.10   0.78     9.37
  SINCE JAN 1     15.77                     17.34  -1.57    17.53

SNOWFALL (IN)
  YESTERDAY        0.0          MM      MM   0.0    0.0      0.0
  MONTH TO DATE    0.0                       0.1   -0.1       T
  SINCE MAR 1      4.4                       0.5    3.9      0.8
  SINCE JUL 1      5.9                       4.7    1.2      1.3
  SNOW DEPTH       0

DEGREE DAYS
 HEATING
  YESTERDAY       10                         4      6        0
  MONTH TO DATE  123                       187    -64      180
  SINCE MAR 1    602                       631    -29      774
  SINCE JUL 1   3775                      3515    260     4070

 COOLING
  YESTERDAY        0                         2     -2        4
  MONTH TO DATE   59                        40     19       35
  SINCE MAR 1     61                        50     11       35
  SINCE JAN 1     61                        51     10       35
..................................................................


WIND (MPH)
  HIGHEST WIND SPEED    16   HIGHEST WIND DIRECTION    NE (30)
  HIGHEST GUST SPEED    23   HIGHEST GUST DIRECTION     N (20)
  AVERAGE WIND SPEED     7.6


SKY COVER
  POSSIBLE SUNSHINE  MM
  AVERAGE SKY COVER 0.1


WEATHER CONDITIONS
 THE FOLLOWING WEATHER WAS RECORDED YESTERDAY.
  FOG
  FOG W/VISIBILITY <= 1/4 MILE


RELATIVE HUMIDITY (PERCENT)
 HIGHEST    92          1200 AM
 LOWEST     39           600 PM
 AVERAGE    66

..........................................................


THE JACKSON CLIMATE NORMALS FOR TODAY
                         NORMAL    RECORD    YEAR
 MAXIMUM TEMPERATURE (F)   76        91      1989
 MINIMUM TEMPERATURE (F)   52        34      1992


SUNRISE AND SUNSET
APRIL 28 2015.........SUNRISE   607 AM CDT   SUNSET   739 PM CDT
APRIL 29 2015.........SUNRISE   606 AM CDT   SUNSET   740 PM CDT


-  INDICATES NEGATIVE NUMBERS.
R  INDICATES RECORD WAS SET OR TIED.
MM INDICATES DATA IS MISSING.
T  INDICATES TRACE AMOUNT.




$$
