000
CDUS42 KMLB 202028
CLIMLB


CLIMATE REPORT
NATIONAL WEATHER SERVICE MELBOURNE FL
427 PM EDT MON APR 20 2015


...................................

...THE MELBOURNE CLIMATE SUMMARY FOR APRIL 20 2015...
VALID TODAY AS OF 0400 PM LOCAL TIME.

CLIMATE NORMAL PERIOD 1981 TO 2010
CLIMATE RECORD PERIOD 1939 TO 2015


WEATHER ITEM   OBSERVED TIME   RECORD YEAR NORMAL DEPARTURE LAST
                VALUE   (LST)  VALUE       VALUE  FROM      YEAR
                                                  NORMAL
..................................................................
TEMPERATURE (F)
 TODAY
  MAXIMUM         87   1248 PM  91    1944  81      6       72
  MINIMUM         73    622 AM  50    1999  61     12       60
  AVERAGE         80                        71      9       66

PRECIPITATION (IN)
  TODAY            0.04          1.28 2012   0.07  -0.03      T
  MONTH TO DATE    3.33                      1.48   1.85     3.36
  SINCE MAR 1      3.76                      4.76  -1.00     5.38
  SINCE JAN 1      9.87                      9.56   0.31    12.44

SNOWFALL (IN)
  TODAY            0.0
  MONTH TO DATE    0.0
  SINCE JUL 1      0.0

DEGREE DAYS
 HEATING
  TODAY            0                         0      0        0
  MONTH TO DATE    0                        15    -15        3
  SINCE MAR 1     14                        86    -72       52
  SINCE JUL 1    424                       575   -151      358

 COOLING
  TODAY           15                         6      9        1
  MONTH TO DATE  241                       103    138      136
  SINCE MAR 1    480                       202    278      247
  SINCE JAN 1    578                       300    278      415
..................................................................


WIND (MPH)
  HIGHEST WIND SPEED    17   HIGHEST WIND DIRECTION     S (190)
  HIGHEST GUST SPEED    24   HIGHEST GUST DIRECTION     S (200)
  AVERAGE WIND SPEED     6.2


SKY COVER
  AVERAGE SKY COVER 0.4


WEATHER CONDITIONS
 THE FOLLOWING WEATHER WAS RECORDED TODAY.
  THUNDERSTORM
  LIGHT RAIN


RELATIVE HUMIDITY (PERCENT)
 HIGHEST    93           200 AM
 LOWEST     65           100 PM
 AVERAGE    79

..........................................................


THE MELBOURNE CLIMATE NORMALS FOR TOMORROW
                         NORMAL    RECORD    YEAR
 MAXIMUM TEMPERATURE (F)   82        92      1944
 MINIMUM TEMPERATURE (F)   61        49      1953


SUNRISE AND SUNSET
APRIL 20 2015.........SUNRISE   653 AM EDT   SUNSET   751 PM EDT
APRIL 21 2015.........SUNRISE   652 AM EDT   SUNSET   751 PM EDT


-  INDICATES NEGATIVE NUMBERS.
R  INDICATES RECORD WAS SET OR TIED.
MM INDICATES DATA IS MISSING.
T  INDICATES TRACE AMOUNT.




$$
