000
CDUS43 KDVN 060923
CLIMLI


CLIMATE REPORT
NATIONAL WEATHER SERVICE QUAD CITIES IA IL
422 AM CDT WED MAY 6 2015


...................................

...THE MOLINE IL CLIMATE SUMMARY FOR MAY 5 2015...

CLIMATE NORMAL PERIOD 1981 TO 2010
CLIMATE RECORD PERIOD 1872 TO 2015


WEATHER ITEM   OBSERVED TIME   RECORD YEAR NORMAL DEPARTURE LAST
                VALUE   (LST)  VALUE       VALUE  FROM      YEAR
                                                  NORMAL
..................................................................
TEMPERATURE (F)
 YESTERDAY
  MAXIMUM         73    301 PM  93    1949  69      4       69
  MINIMUM         57   1159 PM  34    1944  47     10       45
  AVERAGE         65                        58      7       57

PRECIPITATION (IN)
  YESTERDAY        0.39          1.39 1882   0.13   0.26     0.00
  MONTH TO DATE    1.16                      0.65   0.51     0.03
  SINCE MAR 1      3.53                      7.10  -3.57     4.71
  SINCE JAN 1      6.46                     10.19  -3.73     8.73

SNOWFALL (IN)
  YESTERDAY        0.0          MM      MM   0.0    0.0      0.0
  MONTH TO DATE    0.0                       0.0    0.0      0.0
  SINCE MAR 1      0.1                       4.9   -4.8     10.3
  SINCE JUL 1     39.1                      31.6    7.5     65.1
  SNOW DEPTH       0

DEGREE DAYS
 HEATING
  YESTERDAY        0                         8     -8        8
  MONTH TO DATE   18                        41    -23       57
  SINCE MAR 1   1231                      1266    -35     1538
  SINCE JUL 1   6489                      6064    425     7208

 COOLING
  YESTERDAY        0                         1     -1        0
  MONTH TO DATE    9                         5      4        0
  SINCE MAR 1      9                        19    -10        5
  SINCE JAN 1      9                        19    -10        5
..................................................................


WIND (MPH)
  HIGHEST WIND SPEED    18   HIGHEST WIND DIRECTION     E (70)
  HIGHEST GUST SPEED    22   HIGHEST GUST DIRECTION     E (70)
  AVERAGE WIND SPEED    10.7


SKY COVER
  POSSIBLE SUNSHINE  MM
  AVERAGE SKY COVER 0.8


WEATHER CONDITIONS
 THE FOLLOWING WEATHER WAS RECORDED YESTERDAY.
  THUNDERSTORM
  HEAVY RAIN
  RAIN
  LIGHT RAIN
  FOG
  HAZE


RELATIVE HUMIDITY (PERCENT)
 HIGHEST    97           200 AM
 LOWEST     73           200 PM
 AVERAGE    85

..........................................................


THE MOLINE IL CLIMATE NORMALS FOR TODAY
                         NORMAL    RECORD    YEAR
 MAXIMUM TEMPERATURE (F)   70        94      1934
 MINIMUM TEMPERATURE (F)   48        30      1992


SUNRISE AND SUNSET
MAY  6 2015...........SUNRISE   553 AM CDT   SUNSET   805 PM CDT
MAY  7 2015...........SUNRISE   552 AM CDT   SUNSET   806 PM CDT


-  INDICATES NEGATIVE NUMBERS.
R  INDICATES RECORD WAS SET OR TIED.
MM INDICATES DATA IS MISSING.
T  INDICATES TRACE AMOUNT.




$$
