000
CDUS46 KSTO 260837
CLIMOD


CLIMATE REPORT
NATIONAL WEATHER SERVICE SACRAMENTO, CA
136 AM PDT SUN APR 26 2015


...................................

...THE MODESTO CA CLIMATE SUMMARY FOR APRIL 25 2015...

CLIMATE NORMAL PERIOD 1981 TO 2010
CLIMATE RECORD PERIOD 1931 TO 2015


WEATHER ITEM   OBSERVED TIME   RECORD YEAR NORMAL DEPARTURE LAST
                VALUE   (LST)  VALUE       VALUE  FROM      YEAR
                                                  NORMAL
..................................................................
TEMPERATURE (F)
 YESTERDAY
  MAXIMUM         72    430 PM  92    2004  77     -5       61
  MINIMUM         55   1159 PM  38    1971  51      4       49
  AVERAGE         64

PRECIPITATION (IN)
  YESTERDAY        0.16          0.91 1978   0.03   0.13     0.36
  MONTH TO DATE    0.63                      0.84  -0.21     0.95
  SINCE OCT 1      9.98                     11.95  -1.97     6.86
  SINCE JAN 1      2.58                      7.87  -5.29     5.50

SNOWFALL (IN)
  YESTERDAY        0.0          MM      MM
  MONTH TO DATE    0.0
  SINCE MAR 1      0.0
  SINCE JUL 1      0.0
  SNOW DEPTH       0

DEGREE DAYS
 HEATING
  YESTERDAY        1                         3     -2       10
  MONTH TO DATE   83                       117    -34       84
  SINCE MAR 1    177                       354   -177      245
  SINCE JUL 1   1589                      2122   -533     1943

 COOLING
  YESTERDAY        0                         2     -2        0
  MONTH TO DATE   19                        27     -8       47
  SINCE MAR 1     51                        32     19       47
  SINCE JAN 1     51                        32     19       47
..................................................................


WIND (MPH)
  RESULTANT WIND SPEED   6   RESULTANT WIND DIRECTION  NW (310)
  HIGHEST WIND SPEED    20   HIGHEST WIND DIRECTION     W (290)
  HIGHEST GUST SPEED    27   HIGHEST GUST DIRECTION     W (290)


SKY COVER
  POSSIBLE SUNSHINE  MM
  AVERAGE SKY COVER 0.5


WEATHER CONDITIONS
 THE FOLLOWING WEATHER WAS RECORDED YESTERDAY.
  LIGHT RAIN
  FOG


RELATIVE HUMIDITY (PERCENT)
 HIGHEST    86           100 AM
 LOWEST     35           400 PM
 AVERAGE    61

..........................................................


THE MODESTO CA CLIMATE NORMALS FOR TODAY
                         NORMAL    RECORD    YEAR
 MAXIMUM TEMPERATURE (F)   78        96      2004
 MINIMUM TEMPERATURE (F)   51        38      1943


SUNRISE AND SUNSET
APRIL 26 2015.........SUNRISE   614 AM PDT   SUNSET   749 PM PDT
APRIL 27 2015.........SUNRISE   613 AM PDT   SUNSET   750 PM PDT


-  INDICATES NEGATIVE NUMBERS.
R  INDICATES RECORD WAS SET OR TIED.
MM INDICATES DATA IS MISSING.
T  INDICATES TRACE AMOUNT.




$$
