000
CDUS41 KBTV 210612
CLIMPV


CLIMATE REPORT
NATIONAL WEATHER SERVICE BURLINGTON VT
201 AM EDT TUE APR 21 2015


...................................

...THE MONTPELIER VT CLIMATE SUMMARY FOR APRIL 20 2015...

CLIMATE NORMAL PERIOD 1981 TO 2010
CLIMATE RECORD PERIOD 1948 TO 2015


WEATHER ITEM   OBSERVED TIME   RECORD YEAR NORMAL DEPARTURE LAST
                VALUE   (LST)  VALUE       VALUE  FROM      YEAR
                                                  NORMAL
..................................................................
TEMPERATURE (F)
 YESTERDAY
  MAXIMUM         45   1159 PM  80    1987  56    -11       60
  MINIMUM         35   1214 AM  18    2001  33      2       21
  AVERAGE         40                        44     -4       41

PRECIPITATION (IN)
  YESTERDAY        0.05          1.11        0.09  -0.04     0.00
  MONTH TO DATE    1.14                      1.74  -0.60     1.35
  SINCE MAR 1      1.98                      4.13  -2.15     4.40
  SINCE JAN 1      4.85                      8.62  -3.77     8.71

DEGREE DAYS
 HEATING
  YESTERDAY       25                        20      5       24
  MONTH TO DATE  520                       495     25      533
  SINCE MAR 1   1841                      1612    229     1982
  SINCE JUL 1   8179                      7520    659     8147

 COOLING
  YESTERDAY        0                         0      0        0
  MONTH TO DATE    0                         0      0        0
  SINCE MAR 1      0                         0      0        0
  SINCE JAN 1      0                         0      0        0
..................................................................


WIND (MPH)
  HIGHEST WIND SPEED    24   HIGHEST WIND DIRECTION     S (160)
  HIGHEST GUST SPEED    33   HIGHEST GUST DIRECTION     S (160)
  AVERAGE WIND SPEED    10.5


SKY COVER
  AVERAGE SKY COVER 0.7


WEATHER CONDITIONS
 THE FOLLOWING WEATHER WAS RECORDED YESTERDAY.
  LIGHT RAIN
  LIGHT SNOW
  FOG


RELATIVE HUMIDITY (PERCENT)
 HIGHEST    89           900 PM
 LOWEST     43          1200 AM
 AVERAGE    66

..........................................................


THE MONTPELIER VT CLIMATE NORMALS FOR TODAY
                         NORMAL    RECORD    YEAR
 MAXIMUM TEMPERATURE (F)   56        81      1987
 MINIMUM TEMPERATURE (F)   34        19      1981


SUNRISE AND SUNSET
APRIL 21 2015.........SUNRISE   557 AM EDT   SUNSET   742 PM EDT
APRIL 22 2015.........SUNRISE   556 AM EDT   SUNSET   743 PM EDT


-  INDICATES NEGATIVE NUMBERS.
R  INDICATES RECORD WAS SET OR TIED.
MM INDICATES DATA IS MISSING.
T  INDICATES TRACE AMOUNT.




$$
