000
CDUS41 KOKX 062046
CLINYC


CLIMATE REPORT
NATIONAL WEATHER SERVICE NEW YORK NY
446 PM EDT WED MAY 6 2015


...................................

...THE CENTRAL PARK NY CLIMATE SUMMARY FOR MAY 6 2015...
VALID TODAY AS OF 0400 PM LOCAL TIME.

CLIMATE NORMAL PERIOD 1981 TO 2010
CLIMATE RECORD PERIOD 1869 TO 2015


WEATHER ITEM   OBSERVED TIME   RECORD YEAR NORMAL DEPARTURE LAST
                VALUE   (LST)  VALUE       VALUE  FROM      YEAR
                                                  NORMAL
..................................................................
TEMPERATURE (F)
 TODAY
  MAXIMUM         73   1222 AM  92    1986  68      5       71
                                      1949
  MINIMUM         64    629 AM  32    1891  51     13       52
  AVERAGE         69                        60      9       62

PRECIPITATION (IN)
  TODAY            T             1.46 1907   0.13  -0.13     0.00
  MONTH TO DATE    T                         0.76  -0.76     0.22
  SINCE MAR 1      6.80                      9.62  -2.82    11.74
  SINCE JAN 1     14.07                     16.36  -2.29    20.01

SNOWFALL (IN)
  TODAY            0.0           0.0  2002   0.0    0.0      0.0
                                      2001
  MONTH TO DATE    0.0                       0.0    0.0      0.0
  SINCE OCT 1     50.3                      25.8   24.5     57.4
  SINCE JUL 1     50.3                      25.8   24.5     57.4
  SNOW DEPTH       0

DEGREE DAYS
 HEATING
  TODAY            0                         6     -6        3
  MONTH TO DATE   13                        42    -29       17
  SINCE MAR 1   1158                      1113     45     1236
  SINCE JUL 1   4917                      4635    282     4906

 COOLING
  TODAY            4                         1      3        0
  MONTH TO DATE   22                         6     16        0
  SINCE MAR 1     27                        18      9        4
  SINCE JAN 1     27                        18      9        4
..................................................................


WIND (MPH)
  HIGHEST WIND SPEED    14   HIGHEST WIND DIRECTION    NE (60)
  HIGHEST GUST SPEED    23   HIGHEST GUST DIRECTION    NE (50)
  AVERAGE WIND SPEED     6.7


SKY COVER
  AVERAGE SKY COVER 0.9


WEATHER CONDITIONS
 THE FOLLOWING WEATHER WAS RECORDED TODAY.
  NO SIGNIFICANT WEATHER WAS OBSERVED.


RELATIVE HUMIDITY (PERCENT)
 HIGHEST    53          1200 AM
 LOWEST     28           300 AM
 AVERAGE    41

..........................................................


THE CENTRAL PARK NY CLIMATE NORMALS FOR TOMORROW
                         NORMAL    RECORD    YEAR
 MAXIMUM TEMPERATURE (F)   68        93      2000
 MINIMUM TEMPERATURE (F)   51        37      1891


SUNRISE AND SUNSET
MAY  6 2015...........SUNRISE   549 AM EDT   SUNSET   757 PM EDT
MAY  7 2015...........SUNRISE   547 AM EDT   SUNSET   758 PM EDT


-  INDICATES NEGATIVE NUMBERS.
R  INDICATES RECORD WAS SET OR TIED.
MM INDICATES DATA IS MISSING.
T  INDICATES TRACE AMOUNT.




$$
