000
CDUS45 KPSR 260837 RRA
CLINYL

CLIMATE REPORT
NATIONAL WEATHER SERVICE PHOENIX AZ
136 AM MST SUN APR 26 2015


...................................

...THE YUMA AZ CLIMATE SUMMARY FOR APRIL 25 2015...

CLIMATE NORMAL PERIOD 1981 TO 2010
CLIMATE RECORD PERIOD 1876 TO 2015


WEATHER ITEM   OBSERVED TIME   RECORD YEAR NORMAL DEPARTURE LAST
                VALUE   (LST)  VALUE       VALUE  FROM      YEAR
                                                  NORMAL
..................................................................
TEMPERATURE (F)
 YESTERDAY
  MAXIMUM         77    148 PM 107    1898  89    -12       90
  MINIMUM         61   1159 PM  44    1883  62     -1       65
  AVERAGE         69                        75     -6       78

PRECIPITATION (IN)
  YESTERDAY        T             0.11 2011   0.01  -0.01     0.00
  MONTH TO DATE    T                         0.14  -0.14     0.00
  SINCE OCT 1      0.95                      2.17  -1.22     1.18
  SINCE JAN 1      0.51                      1.23  -0.72     0.07

DEGREE DAYS
 HEATING
  YESTERDAY        0                         0      0        0
  MONTH TO DATE    0                        12    -12        5
  SINCE MAR 1     23                        62    -39        9
  SINCE JUL 1     83                       685   -602      370

 COOLING
  YESTERDAY        4                        11     -7       13
  MONTH TO DATE  208                       195     13      270
  SINCE MAR 1    503                       312    191      455
  SINCE JAN 1    614                       348    266      569
..................................................................


WIND (MPH)
  HIGHEST WIND SPEED    30   HIGHEST WIND DIRECTION     W (290)
  HIGHEST GUST SPEED    39   HIGHEST GUST DIRECTION     W (280)
  AVERAGE WIND SPEED    10.5


SKY COVER
  AVERAGE SKY COVER 0.2


WEATHER CONDITIONS
 THE FOLLOWING WEATHER WAS RECORDED YESTERDAY.
  LIGHT RAIN
  HAZE
  SANDSTORM


RELATIVE HUMIDITY (PERCENT)
 HIGHEST    56
 LOWEST     31
 AVERAGE    44

..........................................................


THE YUMA AZ CLIMATE NORMALS FOR TODAY
                         NORMAL    RECORD    YEAR
 MAXIMUM TEMPERATURE (F)   89       104      2004
 MINIMUM TEMPERATURE (F)   62        46      1921


SUNRISE AND SUNSET
APRIL 26 2015.........SUNRISE   557 AM MST   SUNSET   716 PM MST
APRIL 27 2015.........SUNRISE   556 AM MST   SUNSET   717 PM MST


-  INDICATES NEGATIVE NUMBERS.
R  INDICATES RECORD WAS SET OR TIED.
MM INDICATES DATA IS MISSING.
T  INDICATES TRACE AMOUNT.

$$
