000
CDUS45 KGGW 271233
CLIOLF


CLIMATE REPORT
NATIONAL WEATHER SERVICE GLASGOW MT
633 AM MDT MON APR 27 2015


...................................

...THE WOLF POINT MT CLIMATE SUMMARY FOR APRIL 27 2015...
VALID AS OF 0600 AM LOCAL TIME.

CLIMATE NORMAL PERIOD 1981 TO 2010
CLIMATE RECORD PERIOD 9999 TO 9999


WEATHER ITEM   OBSERVED RECORD YEAR NORMAL DEPARTURE
                VALUE   VALUE       VALUE  FROM
                                           NORMAL
........................................................
TEMPERATURE (F)
 TODAY
  MAXIMUM         43     MM      MM  64
  MINIMUM         41     MM      MM  32
  AVERAGE         42

PRECIPITATION (IN)
  TODAY            0.02  MM      MM   0.05  -0.03
  MONTH TO DATE    0.55               0.79  -0.24
  SINCE OCT 1      2.09               3.27  -1.18
  SINCE JAN 1      1.52               1.77  -0.25

SNOWFALL (IN)
  TODAY           MM     MM      MM  MM
  MONTH TO DATE    0.0               MM
  SINCE MAR 1      0.0               MM
  SINCE JUL 1      0.0               MM

DEGREE DAYS
 HEATING
  TODAY           23

 COOLING
  TODAY            0
........................................................







THE WOLF POINT MT CLIMATE NORMALS FOR TOMORROW
                         NORMAL    RECORD    YEAR
 MAXIMUM TEMPERATURE (F)   65        MM        MM
 MINIMUM TEMPERATURE (F)   32        MM        MM


SUNRISE AND SUNSET
APRIL 27 2015.........SUNRISE   551 AM MDT   SUNSET   810 PM MDT
APRIL 28 2015.........SUNRISE   549 AM MDT   SUNSET   811 PM MDT


-  INDICATES NEGATIVE NUMBERS.
R  INDICATES RECORD WAS SET OR TIED.
MM INDICATES DATA IS MISSING.
T  INDICATES TRACE AMOUNT.




$$
