000
CDUS43 KOAX 060630
CLIOMA


CLIMATE REPORT
NATIONAL WEATHER SERVICE OMAHA NEBRASKA
129 AM CDT WED MAY 6 2015


...................................

...THE OMAHA EPPLEY, NEBRASKA CLIMATE SUMMARY FOR MAY 5 2015...

CLIMATE NORMAL PERIOD 1981 TO 2010
CLIMATE RECORD PERIOD 1871 TO 2015


WEATHER ITEM   OBSERVED TIME   RECORD YEAR NORMAL DEPARTURE LAST
                VALUE   (LST)  VALUE       VALUE  FROM      YEAR
                                                  NORMAL
..................................................................
TEMPERATURE (F)
 YESTERDAY
  MAXIMUM         77    523 PM  95    1909  70      7       75
  MINIMUM         57    404 AM  29    1944  47     10       44
  AVERAGE         67                        59      8       60

PRECIPITATION (IN)
  YESTERDAY        T             3.39 2007   0.14  -0.14     0.00
  MONTH TO DATE    0.97                      0.66   0.31     0.01
  SINCE MAR 1      5.18                      5.61  -0.43     2.84
  SINCE JAN 1      6.32                      7.18  -0.86     3.70

SNOWFALL (IN)
  YESTERDAY        0.0                       0.0    0.0      0.0
  MONTH TO DATE    0.0                       0.1   -0.1      0.0
  SINCE JUL 1     13.8                      26.5  -12.7     17.8
  SNOW DEPTH       0

DEGREE DAYS
 HEATING
  YESTERDAY        0                         7     -7        5
  MONTH TO DATE    9                        38    -29       43
  SINCE MAR 1    980                      1242   -262     1325
  SINCE JUL 1   5691                      6040   -349     6430

 COOLING
  YESTERDAY        2                         1      1        0
  MONTH TO DATE    8                         5      3        0
  SINCE MAR 1     13                        21     -8       15
  SINCE JAN 1     13                        21     -8       15
..................................................................


WIND (MPH)
  HIGHEST WIND SPEED    24   HIGHEST WIND DIRECTION    SE (150)
  HIGHEST GUST SPEED    30   HIGHEST GUST DIRECTION    SE (140)
  AVERAGE WIND SPEED    11.4


SKY COVER
  POSSIBLE SUNSHINE  MM
  AVERAGE SKY COVER 1.0


WEATHER CONDITIONS
 THE FOLLOWING WEATHER WAS RECORDED YESTERDAY.
  FOG


RELATIVE HUMIDITY (PERCENT)
 HIGHEST   100           300 AM
 LOWEST     50           500 PM
 AVERAGE    75

..........................................................


THE OMAHA EPPLEY, NEBRASKA CLIMATE NORMALS FOR TODAY
                         NORMAL    RECORD    YEAR
 MAXIMUM TEMPERATURE (F)   71        96      1934
 MINIMUM TEMPERATURE (F)   48        30      1944


SUNRISE AND SUNSET
MAY  6 2015...........SUNRISE   615 AM CDT   SUNSET   826 PM CDT
MAY  7 2015...........SUNRISE   614 AM CDT   SUNSET   827 PM CDT


-  INDICATES NEGATIVE NUMBERS.
R  INDICATES RECORD WAS SET OR TIED.
MM INDICATES DATA IS MISSING.
T  INDICATES TRACE AMOUNT.




$$
