000
CDUS46 KMFR 040838
CLIOTH


CLIMATE REPORT
NATIONAL WEATHER SERVICE MEDFORD, OR
138 AM PDT MON MAY 4 2015


...................................

...THE NORTH BEND OR CLIMATE SUMMARY FOR MAY 3 2015...

CLIMATE NORMAL PERIOD 1981 TO 2010
CLIMATE RECORD PERIOD 1902 TO 2015


WEATHER ITEM   OBSERVED TIME   RECORD YEAR NORMAL DEPARTURE LAST
                VALUE   (LST)  VALUE       VALUE  FROM      YEAR
                                                  NORMAL
..................................................................
TEMPERATURE (F)
 YESTERDAY
  MAXIMUM         57        MM  85    1944  58     -1       61
  MINIMUM         43    300 AM  31    1918  45     -2       48
                                      2001
  AVERAGE         50                        51     -1       55

PRECIPITATION (IN)
  YESTERDAY        0.00          1.09 1993   0.12  -0.12     0.12
  MONTH TO DATE    0.00                      0.36  -0.36     0.12
  SINCE OCT 1     41.94                     57.23 -15.29    25.36
  SINCE JAN 1     18.64                     31.14 -12.50    19.74

SNOWFALL (IN)
  YESTERDAY       MM
  SNOW DEPTH      MM

DEGREE DAYS
 HEATING
  YESTERDAY       15                        14      1       10
  MONTH TO DATE   40                        42     -2       18
  SINCE MAR 1    893                      1054   -161      854
  SINCE JUL 1   2997                      4228  -1231     3651

 COOLING
  YESTERDAY        0                         0      0        0
  MONTH TO DATE    0                         0      0        2
  SINCE MAR 1      0                         0      0       10
  SINCE JAN 1      0                         0      0       10
..................................................................


WIND (MPH)
  HIGHEST WIND SPEED    23   HIGHEST WIND DIRECTION     N (360)
  HIGHEST GUST SPEED    31   HIGHEST GUST DIRECTION     N (360)
  AVERAGE WIND SPEED    10.3


SKY COVER
  POSSIBLE SUNSHINE  MM
  AVERAGE SKY COVER 0.5


WEATHER CONDITIONS
 THE FOLLOWING WEATHER WAS RECORDED YESTERDAY.
  NO SIGNIFICANT WEATHER WAS OBSERVED.


RELATIVE HUMIDITY (PERCENT)
 HIGHEST   100           200 AM
 LOWEST     77          1000 AM

..........................................................


THE NORTH BEND OR CLIMATE NORMALS FOR TODAY
                         NORMAL    RECORD    YEAR
 MAXIMUM TEMPERATURE (F)   58        86      2013
 MINIMUM TEMPERATURE (F)   45        29      1918


SUNRISE AND SUNSET
MAY  4 2015...........SUNRISE   606 AM PDT   SUNSET   822 PM PDT
MAY  5 2015...........SUNRISE   605 AM PDT   SUNSET   823 PM PDT


-  INDICATES NEGATIVE NUMBERS.
R  INDICATES RECORD WAS SET OR TIED.
MM INDICATES DATA IS MISSING.
T  INDICATES TRACE AMOUNT.




$$
