000
CDUS45 KRIW 280748
CLIP60


CLIMATE REPORT
NATIONAL WEATHER SERVICE RIVERTON WY
145 AM MDT TUE APR 28 2015


...................................

...THE LAKE YELLOWSTONE WY CLIMATE SUMMARY FOR APRIL 27 2015...

CLIMATE NORMAL PERIOD 1981 TO 2010
CLIMATE RECORD PERIOD 1998 TO 2015


WEATHER ITEM   OBSERVED TIME   RECORD YEAR NORMAL DEPARTURE LAST
                VALUE   (LST)  VALUE       VALUE  FROM      YEAR
                                                  NORMAL
..................................................................
TEMPERATURE (F)
 YESTERDAY
  MAXIMUM         46    613 PM  57    2004  46      0       35
  MINIMUM         24    612 AM   3    2011  23      1       23
  AVERAGE         35                        34      1       29

PRECIPITATION (IN)
  YESTERDAY        0.00          0.49 2010   0.08  -0.08     0.17
  MONTH TO DATE    0.95                      1.85  -0.90     3.74
  SINCE MAR 1      1.70                      3.06  -1.36     8.32
  SINCE JAN 1      4.59                      6.58  -1.99    13.40

DEGREE DAYS
 HEATING
  YESTERDAY       30                        30      0       36
  MONTH TO DATE  916                       923     -7      996
  SINCE MAR 1   2090                      2225   -135     2369
  SINCE JUL 1   9654                     10162   -508    10422

 COOLING
  YESTERDAY        0                         0      0        0
  MONTH TO DATE    0                         0      0        0
  SINCE MAR 1      0                         0      0        0
  SINCE JAN 1      0                         0      0        0
..................................................................


WIND (MPH)
  HIGHEST WIND SPEED     7   HIGHEST WIND DIRECTION     E (70)
  HIGHEST GUST SPEED    11   HIGHEST GUST DIRECTION    SE (130)
  AVERAGE WIND SPEED     1.9


SKY COVER
  POSSIBLE SUNSHINE  MM
  AVERAGE SKY COVER 0.0


WEATHER CONDITIONS
 THE FOLLOWING WEATHER WAS RECORDED YESTERDAY.
  NO SIGNIFICANT WEATHER WAS OBSERVED.


RELATIVE HUMIDITY (PERCENT)
 HIGHEST    92           200 AM
 LOWEST     40           300 PM
 AVERAGE    66

..........................................................


THE LAKE YELLOWSTONE WY CLIMATE NORMALS FOR TODAY
                         NORMAL    RECORD    YEAR
 MAXIMUM TEMPERATURE (F)   46        62      2007
 MINIMUM TEMPERATURE (F)   23        15      2014
                                             2005


SUNRISE AND SUNSET
APRIL 28 2015.........SUNRISE   617 AM MDT   SUNSET   822 PM MDT
APRIL 29 2015.........SUNRISE   615 AM MDT   SUNSET   824 PM MDT


-  INDICATES NEGATIVE NUMBERS.
R  INDICATES RECORD WAS SET OR TIED.
MM INDICATES DATA IS MISSING.
T  INDICATES TRACE AMOUNT.




$$
