000
CDUS43 KPAH 280630
CLIPAH


CLIMATE REPORT
NATIONAL WEATHER SERVICE PADUCAH KY
128 AM CDT TUE APR 28 2015


...................................

...THE PADUCAH KY CLIMATE SUMMARY FOR APRIL 27 2015...

CLIMATE NORMAL PERIOD 1981 TO 2010
CLIMATE RECORD PERIOD 1937 TO 2015


WEATHER ITEM   OBSERVED TIME   RECORD YEAR NORMAL DEPARTURE LAST
                VALUE   (LST)  VALUE       VALUE  FROM      YEAR
                                                  NORMAL
..................................................................
TEMPERATURE (F)
 YESTERDAY
  MAXIMUM         67    321 PM  89    1989  73     -6       76
  MINIMUM         43    545 AM  36    1946  50     -7       63
  AVERAGE         55                        62     -7       70

PRECIPITATION (IN)
  YESTERDAY        0.00          2.83 1985   0.17  -0.17     1.84
  MONTH TO DATE    5.89                      4.25   1.64     6.85
  SINCE MAR 1     14.62                      8.18   6.44    10.50
  SINCE JAN 1     21.91                     15.77   6.14    15.68

SNOWFALL (IN)
  YESTERDAY        0.0           0.0  2002   0.0    0.0      0.0
                                      2001
  MONTH TO DATE    0.0                       0.0    0.0      0.0
  SINCE MAR 1     12.1                       0.6   11.5      5.6
  SINCE JUL 1     28.6                       9.1   19.5     18.5
  SNOW DEPTH       0

DEGREE DAYS
 HEATING
  YESTERDAY       10                         5      5        0
  MONTH TO DATE  138                       230    -92      166
  SINCE MAR 1    733                       753    -20      812
  SINCE JUL 1   4402                      4049    353     4467

 COOLING
  YESTERDAY        0                         2     -2        5
  MONTH TO DATE   41                        32      9       29
  SINCE MAR 1     42                        39      3       29
  SINCE JAN 1     42                        39      3       29
..................................................................


WIND (MPH)
  HIGHEST WIND SPEED    21   HIGHEST WIND DIRECTION    NE (40)
  HIGHEST GUST SPEED    25   HIGHEST GUST DIRECTION    NE (50)
  AVERAGE WIND SPEED    10.1


SKY COVER
  POSSIBLE SUNSHINE  MM
  AVERAGE SKY COVER 0.0


WEATHER CONDITIONS
 THE FOLLOWING WEATHER WAS RECORDED YESTERDAY.
  NO SIGNIFICANT WEATHER WAS OBSERVED.


RELATIVE HUMIDITY (PERCENT)
 HIGHEST    76           500 AM
 LOWEST     37          1200 PM
 AVERAGE    57

..........................................................


THE PADUCAH KY CLIMATE NORMALS FOR TODAY
                         NORMAL    RECORD    YEAR
 MAXIMUM TEMPERATURE (F)   73        87      1943
 MINIMUM TEMPERATURE (F)   51        32      1992


SUNRISE AND SUNSET
APRIL 28 2015.........SUNRISE   604 AM CDT   SUNSET   741 PM CDT
APRIL 29 2015.........SUNRISE   603 AM CDT   SUNSET   742 PM CDT


-  INDICATES NEGATIVE NUMBERS.
R  INDICATES RECORD WAS SET OR TIED.
MM INDICATES DATA IS MISSING.
T  INDICATES TRACE AMOUNT.

.........................................................

***** AGRICULTURAL DATA *****

SOIL TEMPERATURES AT A DEPTH OF FOUR INCHES

UNDER GRASS...  MAXIMUM: 61  MINIMUM: 60


$$
