000
CDUS42 KMFL 242016
CLIPBI


CLIMATE REPORT
NATIONAL WEATHER SERVICE MIAMI, FL
416 PM EDT FRI APR 24 2015


...................................

...THE WEST PALM BEACH CLIMATE SUMMARY FOR APRIL 24 2015...
VALID TODAY AS OF 0400 PM LOCAL TIME.

CLIMATE NORMAL PERIOD 1981 TO 2010
CLIMATE RECORD PERIOD 1888 TO 2015


WEATHER ITEM   OBSERVED TIME   RECORD YEAR NORMAL DEPARTURE LAST
                VALUE   (LST)  VALUE       VALUE  FROM      YEAR
                                                  NORMAL
..................................................................
TEMPERATURE (F)
 TODAY
  MAXIMUM         86   1201 PM  95    1988  83      3       85
  MINIMUM         71    620 AM  53    2012  67      4       67
  AVERAGE         79                        75      4       76

PRECIPITATION (IN)
  TODAY            0.13          3.63 1982   0.11   0.02     0.00
  MONTH TO DATE    5.13                      3.05   2.08     1.04
  SINCE NOV 1     12.97                     21.72  -8.75    22.04
  SINCE JAN 1      9.27                     13.59  -4.32    14.92

SNOWFALL (IN)
  TODAY            0.0
  MONTH TO DATE    0.0
  SINCE MAR 1      0.0
  SINCE JUL 1      0.0
  SNOW DEPTH       0

DEGREE DAYS
 HEATING
  TODAY            0                         0      0        0
  MONTH TO DATE    0                         0      0        0
  SINCE MAR 1      2                        24    -22        7
  SINCE JUL 1    126                       229   -103      122

 COOLING
  TODAY           14                        10      4       11
  MONTH TO DATE  344                       203    141      243
  SINCE MAR 1    697                       396    301      445
  SINCE JAN 1    975                       631    344      791
..................................................................


WIND (MPH)
  HIGHEST WIND SPEED    17   HIGHEST WIND DIRECTION     E (70)
  HIGHEST GUST SPEED    21   HIGHEST GUST DIRECTION    NE (60)
  AVERAGE WIND SPEED     8.0


SKY COVER
  AVERAGE SKY COVER 0.6


WEATHER CONDITIONS
 THE FOLLOWING WEATHER WAS RECORDED TODAY.
  RAIN
  LIGHT RAIN
  FOG
  HAZE


RELATIVE HUMIDITY (PERCENT)
 HIGHEST   100
 LOWEST     65
 AVERAGE    83

..........................................................


THE WEST PALM BEACH CLIMATE NORMALS FOR TOMORROW
                         NORMAL    RECORD    YEAR
 MAXIMUM TEMPERATURE (F)   83        97      1971
 MINIMUM TEMPERATURE (F)   67        50      2005


SUNRISE AND SUNSET
APRIL 24 2015.........SUNRISE   649 AM EDT   SUNSET   749 PM EDT
APRIL 25 2015.........SUNRISE   648 AM EDT   SUNSET   750 PM EDT


-  INDICATES NEGATIVE NUMBERS.
R  INDICATES RECORD WAS SET OR TIED.
MM INDICATES DATA IS MISSING.
T  INDICATES TRACE AMOUNT.




$$
