000
CDUS46 KPDT 250852
CLIPDT

CLIMATE REPORT
NATIONAL WEATHER SERVICE PENDLETON OR
137 AM PDT SAT APR 25 2015


...................................

...THE PENDLETON OR CLIMATE SUMMARY FOR APRIL 24 2015...

CLIMATE NORMAL PERIOD 1981 TO 2010
CLIMATE RECORD PERIOD 1890 TO 2015


WEATHER ITEM   OBSERVED TIME   RECORD YEAR NORMAL DEPARTURE LAST
                VALUE   (LST)  VALUE       VALUE  FROM      YEAR
                                                  NORMAL
..................................................................
TEMPERATURE (F)
 YESTERDAY
  MAXIMUM         58    345 PM  91    1977  64     -6       63
  MINIMUM         37    557 AM  21    1924  40     -3       46
  AVERAGE         48                        52     -4       55

PRECIPITATION (IN)
  YESTERDAY        T             0.49 1974   0.04  -0.04     0.19
  MONTH TO DATE    0.28                      0.95  -0.67     1.02
  SINCE OCT 1      7.72                      8.81  -1.09     7.43
  SINCE JAN 1      3.02                      4.81  -1.79     5.64

SNOWFALL (IN)
  YESTERDAY        0.0           0.0  2002   0.0    0.0      0.0
                                      2001
                                      2000
  MONTH TO DATE    T                         0.0    0.0      0.0
  SINCE JAN 1      0.4                       7.7   -7.3     15.2
  SINCE JUL 1      7.2                      15.2   -8.0     21.7
  SNOW DEPTH       0

DEGREE DAYS
 HEATING
  YESTERDAY       17                        13      4       10
  MONTH TO DATE  402                       358     44      327
  SINCE MAR 1    872                       975   -103      928
  SINCE JUL 1   4365                      4874   -509     5193

 COOLING
  YESTERDAY        0                         0      0        0
  MONTH TO DATE    0                         0      0        0
  SINCE MAR 1      0                         0      0        0
  SINCE JAN 1      0                         0      0        0
..................................................................


WIND (MPH)
  HIGHEST WIND SPEED    18   HIGHEST WIND DIRECTION     W (280)
  HIGHEST GUST SPEED    24   HIGHEST GUST DIRECTION    NW (300)
  AVERAGE WIND SPEED    10.3


SKY COVER
  POSSIBLE SUNSHINE  MM
  AVERAGE SKY COVER 0.3


WEATHER CONDITIONS
 THE FOLLOWING WEATHER WAS RECORDED YESTERDAY.
  NO SIGNIFICANT WEATHER WAS OBSERVED.


RELATIVE HUMIDITY (PERCENT)
 HIGHEST    82           600 AM
 LOWEST     32           600 PM
 AVERAGE    57

..........................................................


THE PENDLETON OR CLIMATE NORMALS FOR TODAY
                         NORMAL    RECORD    YEAR
 MAXIMUM TEMPERATURE (F)   64        94      1910
 MINIMUM TEMPERATURE (F)   40        22      1924


SUNRISE AND SUNSET
APRIL 25 2015.........SUNRISE   553 AM PDT   SUNSET   755 PM PDT
APRIL 26 2015.........SUNRISE   551 AM PDT   SUNSET   756 PM PDT


-  INDICATES NEGATIVE NUMBERS.
R  INDICATES RECORD WAS SET OR TIED.
MM INDICATES DATA IS MISSING.
T  INDICATES TRACE AMOUNT.




$$
