000
CDUS43 KILX 050631
CLIPIA


CLIMATE REPORT
NATIONAL WEATHER SERVICE LINCOLN IL
130 AM CDT TUE MAY 5 2015


...................................

...THE PEORIA IL CLIMATE SUMMARY FOR MAY 4 2015...

CLIMATE NORMAL PERIOD 1981 TO 2010
CLIMATE RECORD PERIOD 1883 TO 2015


WEATHER ITEM   OBSERVED TIME   RECORD YEAR NORMAL DEPARTURE LAST
                VALUE   (LST)  VALUE       VALUE  FROM      YEAR
                                                  NORMAL
..................................................................
TEMPERATURE (F)
 YESTERDAY
  MAXIMUM         78    407 PM  90    1959  70      8       68
                                      1952
  MINIMUM         62    724 AM  30    2005  48     14       48
                                      1907
  AVERAGE         70                        59     11       58

PRECIPITATION (IN)
  YESTERDAY        0.88          1.75 1977   0.14   0.74     0.00
  MONTH TO DATE    0.88                      0.54   0.34     0.02
  SINCE MAR 1      4.91                      6.97  -2.06     5.68
  SINCE JAN 1      8.63                     10.54  -1.91    10.55

SNOWFALL (IN)
  YESTERDAY        0.0           T    1950   0.0    0.0      0.0
                                      1907
  MONTH TO DATE    0.0                       0.0    0.0      0.0
  SINCE MAR 1      2.7                       3.3   -0.6      7.4
  SINCE JUL 1     27.0                      24.6    2.4     57.6
  SNOW DEPTH       0

DEGREE DAYS
 HEATING
  YESTERDAY        0                         7     -7        7
  MONTH TO DATE   13                        30    -17       40
  SINCE MAR 1   1030                      1179   -149     1328
  SINCE JUL 1   5736                      5695     41     6507

 COOLING
  YESTERDAY        5                         1      4        0
  MONTH TO DATE   12                         4      8        0
  SINCE MAR 1     23                        18      5        6
  SINCE JAN 1     23                        18      5        6
..................................................................


WIND (MPH)
  HIGHEST WIND SPEED    13   HIGHEST WIND DIRECTION    NE (50)
  HIGHEST GUST SPEED    15   HIGHEST GUST DIRECTION     S (180)
  AVERAGE WIND SPEED     5.8


SKY COVER
  POSSIBLE SUNSHINE  MM
  AVERAGE SKY COVER 0.7


WEATHER CONDITIONS
 THE FOLLOWING WEATHER WAS RECORDED YESTERDAY.
  THUNDERSTORM
  HEAVY RAIN
  RAIN
  LIGHT RAIN
  FOG
  HAZE


RELATIVE HUMIDITY (PERCENT)
 HIGHEST    90           700 AM
 LOWEST     49          1200 AM
 AVERAGE    70

..........................................................


THE PEORIA IL CLIMATE NORMALS FOR TODAY
                         NORMAL    RECORD    YEAR
 MAXIMUM TEMPERATURE (F)   70        92      1952
 MINIMUM TEMPERATURE (F)   48        32      1944


SUNRISE AND SUNSET
MAY  5 2015...........SUNRISE   553 AM CDT   SUNSET   759 PM CDT
MAY  6 2015...........SUNRISE   552 AM CDT   SUNSET   800 PM CDT


-  INDICATES NEGATIVE NUMBERS.
R  INDICATES RECORD WAS SET OR TIED.
MM INDICATES DATA IS MISSING.
T  INDICATES TRACE AMOUNT.




$$
