000
CDUS44 KMOB 070636
CLIPNS


CLIMATE REPORT
NATIONAL WEATHER SERVICE MOBILE AL
135 AM CDT THU MAY 7 2015


...................................

...THE PENSACOLA CLIMATE SUMMARY FOR MAY 6 2015...

CLIMATE NORMAL PERIOD 1981 TO 2010
CLIMATE RECORD PERIOD 1879 TO 2015


WEATHER ITEM   OBSERVED TIME   RECORD YEAR NORMAL DEPARTURE LAST
                VALUE   (LST)  VALUE       VALUE  FROM      YEAR
                                                  NORMAL
..................................................................
TEMPERATURE (F)
 YESTERDAY
  MAXIMUM         83    224 PM  93    1963  81      2       82
  MINIMUM         66   1158 PM  50    2013  63      3       62
  AVERAGE         75                        72      3       72

PRECIPITATION (IN)
  YESTERDAY        0.00          1.02 1981   0.14  -0.14     0.00
  MONTH TO DATE    0.00                      0.80  -0.80     0.07
  SINCE MAR 1     12.36                     10.93   1.43    39.38
  SINCE JAN 1     22.77                     20.62   2.15    50.71

DEGREE DAYS
 COOLING
  YESTERDAY       10                         7      3        7
  MONTH TO DATE   32                        39     -7       36
  SINCE MAR 1    333                       173    160      170
  SINCE JAN 1    340                       187    153      185
..................................................................


WIND (MPH)
  HIGHEST WIND SPEED    14   HIGHEST WIND DIRECTION     S (160)
  HIGHEST GUST SPEED    18   HIGHEST GUST DIRECTION    SE (150)
  AVERAGE WIND SPEED     7.3


SKY COVER
  POSSIBLE SUNSHINE  MM
  AVERAGE SKY COVER 0.0


WEATHER CONDITIONS
 THE FOLLOWING WEATHER WAS RECORDED YESTERDAY.
  NO SIGNIFICANT WEATHER WAS OBSERVED.


RELATIVE HUMIDITY (PERCENT)
 HIGHEST    93           200 AM
 LOWEST     40           200 PM
 AVERAGE    67

..........................................................


THE PENSACOLA CLIMATE NORMALS FOR TODAY
                         NORMAL    RECORD    YEAR
 MAXIMUM TEMPERATURE (F)   81        92      1949
 MINIMUM TEMPERATURE (F)   64        44      1898


SUNRISE AND SUNSET
MAY  7 2015...........SUNRISE   600 AM CDT   SUNSET   731 PM CDT
MAY  8 2015...........SUNRISE   600 AM CDT   SUNSET   731 PM CDT


-  INDICATES NEGATIVE NUMBERS.
R  INDICATES RECORD WAS SET OR TIED.
MM INDICATES DATA IS MISSING.
T  INDICATES TRACE AMOUNT.




$$
