000
CDUS45 KPUB 211044
CLIPUB


CLIMATE REPORT
NATIONAL WEATHER SERVICE PUEBLO
444 AM MDT TUE APR 21 2015


...................................

...THE PUEBLO CO CLIMATE SUMMARY FOR APRIL 20 2015...

CLIMATE NORMAL PERIOD 1981 TO 2010
CLIMATE RECORD PERIOD 1888 TO 2015


WEATHER ITEM   OBSERVED TIME   RECORD YEAR NORMAL DEPARTURE LAST
                VALUE   (LST)  VALUE       VALUE  FROM      YEAR
                                                  NORMAL
..................................................................
TEMPERATURE (F)
 YESTERDAY
  MAXIMUM         60    435 PM  90    1989  69     -9       76
  MINIMUM         33    534 AM  20    1966  35     -2       53
  AVERAGE         47                        52     -5       65

PRECIPITATION (IN)
  YESTERDAY        0.01          1.06 1952   0.05  -0.04      T
  MONTH TO DATE    0.65                      0.85  -0.20     1.09
  SINCE MAR 1      1.22                      1.78  -0.56     1.85
  SINCE JAN 1      2.60                      2.43   0.17     2.58

SNOWFALL (IN)
  YESTERDAY        0.0           8.5  1984   0.1   -0.1      0.0
  MONTH TO DATE    T                         2.8   -2.8      8.3
  SINCE MAR 1      1.7                       8.5   -6.8     10.7
  SINCE JUL 1     42.8                      30.3   12.5     29.3
  SNOW DEPTH       0

DEGREE DAYS
 HEATING
  YESTERDAY       18                        13      5        0
  MONTH TO DATE  263                       321    -58      282
  SINCE MAR 1    871                      1023   -152      954
  SINCE JUL 1   4893                      5326   -433     5159

 COOLING
  YESTERDAY        0                         0      0        0
  MONTH TO DATE    0                         0      0        2
  SINCE MAR 1      0                         0      0        2
  SINCE JAN 1      0                         0      0        2
..................................................................


WIND (MPH)
  HIGHEST WIND SPEED    18   HIGHEST WIND DIRECTION    NE (50)
  HIGHEST GUST SPEED    22   HIGHEST GUST DIRECTION     N (10)
  AVERAGE WIND SPEED     5.6


SKY COVER
  POSSIBLE SUNSHINE  MM
  AVERAGE SKY COVER 0.2


WEATHER CONDITIONS
 THE FOLLOWING WEATHER WAS RECORDED YESTERDAY.
  LIGHT RAIN


RELATIVE HUMIDITY (PERCENT)
 HIGHEST    89           600 AM
 LOWEST     30           300 PM
 AVERAGE    60

..........................................................


THE PUEBLO CO CLIMATE NORMALS FOR TODAY
                         NORMAL    RECORD    YEAR
 MAXIMUM TEMPERATURE (F)   69        93      1989
 MINIMUM TEMPERATURE (F)   36        12      1907


SUNRISE AND SUNSET
APRIL 21 2015.........SUNRISE   614 AM MDT   SUNSET   740 PM MDT
APRIL 22 2015.........SUNRISE   613 AM MDT   SUNSET   741 PM MDT


-  INDICATES NEGATIVE NUMBERS.
R  INDICATES RECORD WAS SET OR TIED.
MM INDICATES DATA IS MISSING.
T  INDICATES TRACE AMOUNT.




$$
